{"id":82,"date":"2024-04-24T08:35:13","date_gmt":"2024-04-24T08:35:13","guid":{"rendered":"http:\/\/142.132.203.237\/~randphot\/nyside\/?page_id=82"},"modified":"2025-11-29T23:11:04","modified_gmt":"2025-11-29T23:11:04","slug":"portraetbilleder","status":"publish","type":"page","link":"https:\/\/randphotography.dk\/index.php\/portraetbilleder\/","title":{"rendered":"Portr\u00e6tbillede"},"content":{"rendered":"\t\t<div data-elementor-type=\"wp-page\" data-elementor-id=\"82\" class=\"elementor elementor-82\">\n\t\t\t\t<div class=\"elementor-element elementor-element-ef1a3e0 e-flex e-con-boxed e-con e-parent\" data-id=\"ef1a3e0\" data-element_type=\"container\">\n\t\t\t\t\t<div class=\"e-con-inner\">\n\t\t\t\t<div class=\"elementor-element elementor-element-11314b5 elementor-widget elementor-widget-text-editor\" data-id=\"11314b5\" data-element_type=\"widget\" data-widget_type=\"text-editor.default\">\n\t\t\t\t<div class=\"elementor-widget-container\">\n\t\t\t<style>\/*! elementor - v3.21.0 - 30-04-2024 *\/\n.elementor-widget-text-editor.elementor-drop-cap-view-stacked .elementor-drop-cap{background-color:#69727d;color:#fff}.elementor-widget-text-editor.elementor-drop-cap-view-framed .elementor-drop-cap{color:#69727d;border:3px solid;background-color:transparent}.elementor-widget-text-editor:not(.elementor-drop-cap-view-default) .elementor-drop-cap{margin-top:8px}.elementor-widget-text-editor:not(.elementor-drop-cap-view-default) .elementor-drop-cap-letter{width:1em;height:1em}.elementor-widget-text-editor .elementor-drop-cap{float:left;text-align:center;line-height:1;font-size:50px}.elementor-widget-text-editor .elementor-drop-cap-letter{display:inline-block}<\/style>\t\t\t\t<p><strong><span style=\"color: #ffffff;\">PORTR\u00c6TBILLEDER<\/span><\/strong><\/p>\t\t\t\t\t\t<\/div>\n\t\t\t\t<\/div>\n\t\t\t\t<div class=\"elementor-element elementor-element-1ac19b3 elementor-widget elementor-widget-spacer\" data-id=\"1ac19b3\" data-element_type=\"widget\" data-widget_type=\"spacer.default\">\n\t\t\t\t<div class=\"elementor-widget-container\">\n\t\t\t<style>\/*! elementor - v3.21.0 - 30-04-2024 *\/\n.elementor-column .elementor-spacer-inner{height:var(--spacer-size)}.e-con{--container-widget-width:100%}.e-con-inner>.elementor-widget-spacer,.e-con>.elementor-widget-spacer{width:var(--container-widget-width,var(--spacer-size));--align-self:var(--container-widget-align-self,initial);--flex-shrink:0}.e-con-inner>.elementor-widget-spacer>.elementor-widget-container,.e-con>.elementor-widget-spacer>.elementor-widget-container{height:100%;width:100%}.e-con-inner>.elementor-widget-spacer>.elementor-widget-container>.elementor-spacer,.e-con>.elementor-widget-spacer>.elementor-widget-container>.elementor-spacer{height:100%}.e-con-inner>.elementor-widget-spacer>.elementor-widget-container>.elementor-spacer>.elementor-spacer-inner,.e-con>.elementor-widget-spacer>.elementor-widget-container>.elementor-spacer>.elementor-spacer-inner{height:var(--container-widget-height,var(--spacer-size))}.e-con-inner>.elementor-widget-spacer.elementor-widget-empty,.e-con>.elementor-widget-spacer.elementor-widget-empty{position:relative;min-height:22px;min-width:22px}.e-con-inner>.elementor-widget-spacer.elementor-widget-empty .elementor-widget-empty-icon,.e-con>.elementor-widget-spacer.elementor-widget-empty .elementor-widget-empty-icon{position:absolute;top:0;bottom:0;left:0;right:0;margin:auto;padding:0;width:22px;height:22px}<\/style>\t\t<div class=\"elementor-spacer\">\n\t\t\t<div class=\"elementor-spacer-inner\"><\/div>\n\t\t<\/div>\n\t\t\t\t<\/div>\n\t\t\t\t<\/div>\n\t\t\t\t<div class=\"elementor-element elementor-element-ef2a397 gallery-spacing-custom elementor-widget elementor-widget-image-gallery\" data-id=\"ef2a397\" data-element_type=\"widget\" data-widget_type=\"image-gallery.default\">\n\t\t\t\t<div class=\"elementor-widget-container\">\n\t\t\t<style>\/*! elementor - v3.21.0 - 30-04-2024 *\/\n.elementor-image-gallery .gallery-item{display:inline-block;text-align:center;vertical-align:top;width:100%;max-width:100%;margin:0 auto}.elementor-image-gallery .gallery-item img{margin:0 auto}.elementor-image-gallery .gallery-item .gallery-caption{margin:0}.elementor-image-gallery figure img{display:block}.elementor-image-gallery figure figcaption{width:100%}.gallery-spacing-custom .elementor-image-gallery .gallery-icon{padding:0}@media (min-width:768px){.elementor-image-gallery .gallery-columns-2 .gallery-item{max-width:50%}.elementor-image-gallery .gallery-columns-3 .gallery-item{max-width:33.33%}.elementor-image-gallery .gallery-columns-4 .gallery-item{max-width:25%}.elementor-image-gallery .gallery-columns-5 .gallery-item{max-width:20%}.elementor-image-gallery .gallery-columns-6 .gallery-item{max-width:16.666%}.elementor-image-gallery .gallery-columns-7 .gallery-item{max-width:14.28%}.elementor-image-gallery .gallery-columns-8 .gallery-item{max-width:12.5%}.elementor-image-gallery .gallery-columns-9 .gallery-item{max-width:11.11%}.elementor-image-gallery .gallery-columns-10 .gallery-item{max-width:10%}}@media (min-width:480px) and (max-width:767px){.elementor-image-gallery .gallery.gallery-columns-2 .gallery-item,.elementor-image-gallery .gallery.gallery-columns-3 .gallery-item,.elementor-image-gallery .gallery.gallery-columns-4 .gallery-item,.elementor-image-gallery .gallery.gallery-columns-5 .gallery-item,.elementor-image-gallery .gallery.gallery-columns-6 .gallery-item,.elementor-image-gallery .gallery.gallery-columns-7 .gallery-item,.elementor-image-gallery .gallery.gallery-columns-8 .gallery-item,.elementor-image-gallery .gallery.gallery-columns-9 .gallery-item,.elementor-image-gallery .gallery.gallery-columns-10 .gallery-item{max-width:50%}}@media (max-width:479px){.elementor-image-gallery .gallery.gallery-columns-2 .gallery-item,.elementor-image-gallery .gallery.gallery-columns-3 .gallery-item,.elementor-image-gallery .gallery.gallery-columns-4 .gallery-item,.elementor-image-gallery .gallery.gallery-columns-5 .gallery-item,.elementor-image-gallery .gallery.gallery-columns-6 .gallery-item,.elementor-image-gallery .gallery.gallery-columns-7 .gallery-item,.elementor-image-gallery .gallery.gallery-columns-8 .gallery-item,.elementor-image-gallery .gallery.gallery-columns-9 .gallery-item,.elementor-image-gallery .gallery.gallery-columns-10 .gallery-item{max-width:100%}}<\/style>\t\t<div class=\"elementor-image-gallery\">\n\t\t\t<div id='gallery-1' class='gallery galleryid-82 gallery-columns-3 gallery-size-medium_large'><figure class='gallery-item'>\n\t\t\t<div class='gallery-icon landscape'>\n\t\t\t\t<a data-elementor-open-lightbox=\"yes\" data-elementor-lightbox-slideshow=\"ef2a397\" data-elementor-lightbox-title=\"Dagmar(08.07)-09\" data-e-action-hash=\"#elementor-action%3Aaction%3Dlightbox%26settings%3DeyJpZCI6NDI0LCJ1cmwiOiJodHRwczpcL1wvcmFuZHBob3RvZ3JhcGh5LmRrXC93cC1jb250ZW50XC91cGxvYWRzXC8yMDI0XC8wNFwvRGFnbWFyMDguMDctMDktc2NhbGVkLWUxNzEzOTYzODU3MjU0LmpwZyIsInNsaWRlc2hvdyI6ImVmMmEzOTcifQ%3D%3D\" href='https:\/\/randphotography.dk\/wp-content\/uploads\/2024\/04\/Dagmar08.07-09-scaled-e1713963857254.jpg'><img fetchpriority=\"high\" decoding=\"async\" width=\"768\" height=\"768\" src=\"https:\/\/randphotography.dk\/wp-content\/uploads\/2024\/04\/Dagmar08.07-09-scaled-e1713963857254-768x768.jpg\" class=\"attachment-medium_large size-medium_large\" alt=\"\" srcset=\"https:\/\/randphotography.dk\/wp-content\/uploads\/2024\/04\/Dagmar08.07-09-scaled-e1713963857254-768x768.jpg 768w, https:\/\/randphotography.dk\/wp-content\/uploads\/2024\/04\/Dagmar08.07-09-scaled-e1713963857254-300x300.jpg 300w, https:\/\/randphotography.dk\/wp-content\/uploads\/2024\/04\/Dagmar08.07-09-scaled-e1713963857254-1024x1024.jpg 1024w, https:\/\/randphotography.dk\/wp-content\/uploads\/2024\/04\/Dagmar08.07-09-scaled-e1713963857254-150x150.jpg 150w, https:\/\/randphotography.dk\/wp-content\/uploads\/2024\/04\/Dagmar08.07-09-scaled-e1713963857254-1536x1536.jpg 1536w, https:\/\/randphotography.dk\/wp-content\/uploads\/2024\/04\/Dagmar08.07-09-scaled-e1713963857254.jpg 2048w\" sizes=\"(max-width: 768px) 100vw, 768px\" \/><\/a>\n\t\t\t<\/div><\/figure><figure class='gallery-item'>\n\t\t\t<div class='gallery-icon landscape'>\n\t\t\t\t<a data-elementor-open-lightbox=\"yes\" data-elementor-lightbox-slideshow=\"ef2a397\" data-elementor-lightbox-title=\"Dagmar(08.07)-10\" data-e-action-hash=\"#elementor-action%3Aaction%3Dlightbox%26settings%3DeyJpZCI6NDI1LCJ1cmwiOiJodHRwczpcL1wvcmFuZHBob3RvZ3JhcGh5LmRrXC93cC1jb250ZW50XC91cGxvYWRzXC8yMDI0XC8wNFwvRGFnbWFyMDguMDctMTAtc2NhbGVkLWUxNzEzOTYzODY5OTE5LmpwZyIsInNsaWRlc2hvdyI6ImVmMmEzOTcifQ%3D%3D\" href='https:\/\/randphotography.dk\/wp-content\/uploads\/2024\/04\/Dagmar08.07-10-scaled-e1713963869919.jpg'><img decoding=\"async\" width=\"768\" height=\"768\" src=\"https:\/\/randphotography.dk\/wp-content\/uploads\/2024\/04\/Dagmar08.07-10-scaled-e1713963869919-768x768.jpg\" class=\"attachment-medium_large size-medium_large\" alt=\"\" srcset=\"https:\/\/randphotography.dk\/wp-content\/uploads\/2024\/04\/Dagmar08.07-10-scaled-e1713963869919-768x768.jpg 768w, https:\/\/randphotography.dk\/wp-content\/uploads\/2024\/04\/Dagmar08.07-10-scaled-e1713963869919-300x300.jpg 300w, https:\/\/randphotography.dk\/wp-content\/uploads\/2024\/04\/Dagmar08.07-10-scaled-e1713963869919-1024x1024.jpg 1024w, https:\/\/randphotography.dk\/wp-content\/uploads\/2024\/04\/Dagmar08.07-10-scaled-e1713963869919-150x150.jpg 150w, https:\/\/randphotography.dk\/wp-content\/uploads\/2024\/04\/Dagmar08.07-10-scaled-e1713963869919-1536x1536.jpg 1536w, https:\/\/randphotography.dk\/wp-content\/uploads\/2024\/04\/Dagmar08.07-10-scaled-e1713963869919.jpg 2048w\" sizes=\"(max-width: 768px) 100vw, 768px\" \/><\/a>\n\t\t\t<\/div><\/figure><figure class='gallery-item'>\n\t\t\t<div class='gallery-icon landscape'>\n\t\t\t\t<a data-elementor-open-lightbox=\"yes\" data-elementor-lightbox-slideshow=\"ef2a397\" data-elementor-lightbox-title=\"Dagmar(08.07)-13\" data-e-action-hash=\"#elementor-action%3Aaction%3Dlightbox%26settings%3DeyJpZCI6NDI2LCJ1cmwiOiJodHRwczpcL1wvcmFuZHBob3RvZ3JhcGh5LmRrXC93cC1jb250ZW50XC91cGxvYWRzXC8yMDI0XC8wNFwvRGFnbWFyMDguMDctMTMtc2NhbGVkLWUxNzEzOTYzODgxMTM2LmpwZyIsInNsaWRlc2hvdyI6ImVmMmEzOTcifQ%3D%3D\" href='https:\/\/randphotography.dk\/wp-content\/uploads\/2024\/04\/Dagmar08.07-13-scaled-e1713963881136.jpg'><img decoding=\"async\" width=\"768\" height=\"768\" src=\"https:\/\/randphotography.dk\/wp-content\/uploads\/2024\/04\/Dagmar08.07-13-scaled-e1713963881136-768x768.jpg\" class=\"attachment-medium_large size-medium_large\" alt=\"\" srcset=\"https:\/\/randphotography.dk\/wp-content\/uploads\/2024\/04\/Dagmar08.07-13-scaled-e1713963881136-768x768.jpg 768w, https:\/\/randphotography.dk\/wp-content\/uploads\/2024\/04\/Dagmar08.07-13-scaled-e1713963881136-300x300.jpg 300w, https:\/\/randphotography.dk\/wp-content\/uploads\/2024\/04\/Dagmar08.07-13-scaled-e1713963881136-1024x1024.jpg 1024w, https:\/\/randphotography.dk\/wp-content\/uploads\/2024\/04\/Dagmar08.07-13-scaled-e1713963881136-150x150.jpg 150w, https:\/\/randphotography.dk\/wp-content\/uploads\/2024\/04\/Dagmar08.07-13-scaled-e1713963881136-1536x1536.jpg 1536w, https:\/\/randphotography.dk\/wp-content\/uploads\/2024\/04\/Dagmar08.07-13-scaled-e1713963881136.jpg 2048w\" sizes=\"(max-width: 768px) 100vw, 768px\" \/><\/a>\n\t\t\t<\/div><\/figure><figure class='gallery-item'>\n\t\t\t<div class='gallery-icon landscape'>\n\t\t\t\t<a data-elementor-open-lightbox=\"yes\" data-elementor-lightbox-slideshow=\"ef2a397\" data-elementor-lightbox-title=\"DSC07947\" data-e-action-hash=\"#elementor-action%3Aaction%3Dlightbox%26settings%3DeyJpZCI6NDIxLCJ1cmwiOiJodHRwczpcL1wvcmFuZHBob3RvZ3JhcGh5LmRrXC93cC1jb250ZW50XC91cGxvYWRzXC8yMDI0XC8wNFwvRFNDMDc5NDctc2NhbGVkLWUxNzEzOTYzODkxNTMxLmpwZyIsInNsaWRlc2hvdyI6ImVmMmEzOTcifQ%3D%3D\" href='https:\/\/randphotography.dk\/wp-content\/uploads\/2024\/04\/DSC07947-scaled-e1713963891531.jpg'><img loading=\"lazy\" decoding=\"async\" width=\"768\" height=\"768\" src=\"https:\/\/randphotography.dk\/wp-content\/uploads\/2024\/04\/DSC07947-scaled-e1713963891531-768x768.jpg\" class=\"attachment-medium_large size-medium_large\" alt=\"\" srcset=\"https:\/\/randphotography.dk\/wp-content\/uploads\/2024\/04\/DSC07947-scaled-e1713963891531-768x768.jpg 768w, https:\/\/randphotography.dk\/wp-content\/uploads\/2024\/04\/DSC07947-scaled-e1713963891531-300x300.jpg 300w, https:\/\/randphotography.dk\/wp-content\/uploads\/2024\/04\/DSC07947-scaled-e1713963891531-1024x1024.jpg 1024w, https:\/\/randphotography.dk\/wp-content\/uploads\/2024\/04\/DSC07947-scaled-e1713963891531-150x150.jpg 150w, https:\/\/randphotography.dk\/wp-content\/uploads\/2024\/04\/DSC07947-scaled-e1713963891531-1536x1536.jpg 1536w, https:\/\/randphotography.dk\/wp-content\/uploads\/2024\/04\/DSC07947-scaled-e1713963891531.jpg 1706w\" sizes=\"(max-width: 768px) 100vw, 768px\" \/><\/a>\n\t\t\t<\/div><\/figure><figure class='gallery-item'>\n\t\t\t<div class='gallery-icon landscape'>\n\t\t\t\t<a data-elementor-open-lightbox=\"yes\" data-elementor-lightbox-slideshow=\"ef2a397\" data-elementor-lightbox-title=\"DSC07896\" data-e-action-hash=\"#elementor-action%3Aaction%3Dlightbox%26settings%3DeyJpZCI6NDIwLCJ1cmwiOiJodHRwczpcL1wvcmFuZHBob3RvZ3JhcGh5LmRrXC93cC1jb250ZW50XC91cGxvYWRzXC8yMDI0XC8wNFwvRFNDMDc4OTYtc2NhbGVkLWUxNzEzOTYzOTA2NjU5LmpwZyIsInNsaWRlc2hvdyI6ImVmMmEzOTcifQ%3D%3D\" href='https:\/\/randphotography.dk\/wp-content\/uploads\/2024\/04\/DSC07896-scaled-e1713963906659.jpg'><img loading=\"lazy\" decoding=\"async\" width=\"768\" height=\"768\" src=\"https:\/\/randphotography.dk\/wp-content\/uploads\/2024\/04\/DSC07896-scaled-e1713963906659-768x768.jpg\" class=\"attachment-medium_large size-medium_large\" alt=\"\" srcset=\"https:\/\/randphotography.dk\/wp-content\/uploads\/2024\/04\/DSC07896-scaled-e1713963906659-768x768.jpg 768w, https:\/\/randphotography.dk\/wp-content\/uploads\/2024\/04\/DSC07896-scaled-e1713963906659-300x300.jpg 300w, https:\/\/randphotography.dk\/wp-content\/uploads\/2024\/04\/DSC07896-scaled-e1713963906659-1024x1024.jpg 1024w, https:\/\/randphotography.dk\/wp-content\/uploads\/2024\/04\/DSC07896-scaled-e1713963906659-150x150.jpg 150w, https:\/\/randphotography.dk\/wp-content\/uploads\/2024\/04\/DSC07896-scaled-e1713963906659-1536x1536.jpg 1536w, https:\/\/randphotography.dk\/wp-content\/uploads\/2024\/04\/DSC07896-scaled-e1713963906659.jpg 1706w\" sizes=\"(max-width: 768px) 100vw, 768px\" \/><\/a>\n\t\t\t<\/div><\/figure><figure class='gallery-item'>\n\t\t\t<div class='gallery-icon landscape'>\n\t\t\t\t<a data-elementor-open-lightbox=\"yes\" data-elementor-lightbox-slideshow=\"ef2a397\" data-elementor-lightbox-title=\"DSC07826\" data-e-action-hash=\"#elementor-action%3Aaction%3Dlightbox%26settings%3DeyJpZCI6NDE5LCJ1cmwiOiJodHRwczpcL1wvcmFuZHBob3RvZ3JhcGh5LmRrXC93cC1jb250ZW50XC91cGxvYWRzXC8yMDI0XC8wNFwvRFNDMDc4MjYtc2NhbGVkLWUxNzEzOTYzOTE5MjM2LmpwZyIsInNsaWRlc2hvdyI6ImVmMmEzOTcifQ%3D%3D\" href='https:\/\/randphotography.dk\/wp-content\/uploads\/2024\/04\/DSC07826-scaled-e1713963919236.jpg'><img loading=\"lazy\" decoding=\"async\" width=\"768\" height=\"768\" src=\"https:\/\/randphotography.dk\/wp-content\/uploads\/2024\/04\/DSC07826-scaled-e1713963919236-768x768.jpg\" class=\"attachment-medium_large size-medium_large\" alt=\"\" srcset=\"https:\/\/randphotography.dk\/wp-content\/uploads\/2024\/04\/DSC07826-scaled-e1713963919236-768x768.jpg 768w, https:\/\/randphotography.dk\/wp-content\/uploads\/2024\/04\/DSC07826-scaled-e1713963919236-300x300.jpg 300w, https:\/\/randphotography.dk\/wp-content\/uploads\/2024\/04\/DSC07826-scaled-e1713963919236-1024x1024.jpg 1024w, https:\/\/randphotography.dk\/wp-content\/uploads\/2024\/04\/DSC07826-scaled-e1713963919236-150x150.jpg 150w, https:\/\/randphotography.dk\/wp-content\/uploads\/2024\/04\/DSC07826-scaled-e1713963919236-1536x1536.jpg 1536w, https:\/\/randphotography.dk\/wp-content\/uploads\/2024\/04\/elementor\/thumbs\/DSC07826-scaled-e1713963919236-qn6lnq9zxs7f16fwpway288m6twqh1nhfjbnw0p7ak.jpg 350w, https:\/\/randphotography.dk\/wp-content\/uploads\/2024\/04\/DSC07826-scaled-e1713963919236.jpg 1706w\" sizes=\"(max-width: 768px) 100vw, 768px\" \/><\/a>\n\t\t\t<\/div><\/figure>\n\t\t<\/div>\n\t\t<\/div>\n\t\t\t\t<\/div>\n\t\t\t\t<\/div>\n\t\t\t\t\t<\/div>\n\t\t\t\t<\/div>\n\t\t<div class=\"elementor-element elementor-element-2a4bdce e-flex e-con-boxed e-con e-parent\" data-id=\"2a4bdce\" data-element_type=\"container\">\n\t\t\t\t\t<div class=\"e-con-inner\">\n\t\t\t\t<div class=\"elementor-element elementor-element-ece03d8 elementor-widget elementor-widget-spacer\" data-id=\"ece03d8\" data-element_type=\"widget\" data-widget_type=\"spacer.default\">\n\t\t\t\t<div class=\"elementor-widget-container\">\n\t\t\t\t\t<div class=\"elementor-spacer\">\n\t\t\t<div class=\"elementor-spacer-inner\"><\/div>\n\t\t<\/div>\n\t\t\t\t<\/div>\n\t\t\t\t<\/div>\n\t\t\t\t\t<\/div>\n\t\t\t\t<\/div>\n\t\t<div class=\"elementor-element elementor-element-10df026 e-flex e-con-boxed e-con e-parent\" data-id=\"10df026\" data-element_type=\"container\">\n\t\t\t\t\t<div class=\"e-con-inner\">\n\t\t\t\t<div class=\"elementor-element elementor-element-afc5f42 elementor-widget elementor-widget-text-editor\" data-id=\"afc5f42\" data-element_type=\"widget\" data-widget_type=\"text-editor.default\">\n\t\t\t\t<div class=\"elementor-widget-container\">\n\t\t\t\t\t\t\t<p style=\"text-align: center;\"><span style=\"color: #ffffff;\">\u00a9 2024 Rand-Photography<\/span><\/p>\t\t\t\t\t\t<\/div>\n\t\t\t\t<\/div>\n\t\t\t\t\t<\/div>\n\t\t\t\t<\/div>\n\t\t\t\t<\/div>\n\t\t","protected":false},"excerpt":{"rendered":"<p>PORTR\u00c6TBILLEDER \u00a9 2024 Rand-Photography<\/p>\n","protected":false},"author":1,"featured_media":0,"parent":0,"menu_order":0,"comment_status":"closed","ping_status":"closed","template":"","meta":{"footnotes":""},"class_list":["post-82","page","type-page","status-publish","hentry"],"yoast_head":"<!-- This site is optimized with the Yoast SEO plugin v22.6 - https:\/\/yoast.com\/wordpress\/plugins\/seo\/ -->\n<title>Portr\u00e6tbillede - RandPhotography<\/title>\n<meta name=\"description\" content=\"\u00d8nsker du portr\u00e6tbilleder, der fanger dit naturlige smil? Jeg prioriterer at fange det naturlige \u00f8jeblik under fotograferingen.\" \/>\n<meta name=\"robots\" content=\"index, follow, max-snippet:-1, max-image-preview:large, max-video-preview:-1\" \/>\n<link rel=\"canonical\" href=\"https:\/\/randphotography.dk\/index.php\/portraetbilleder\/\" \/>\n<meta property=\"og:locale\" content=\"da_DK\" \/>\n<meta property=\"og:type\" content=\"article\" \/>\n<meta property=\"og:title\" content=\"Portr\u00e6tbillede - RandPhotography\" \/>\n<meta property=\"og:description\" content=\"\u00d8nsker du portr\u00e6tbilleder, der fanger dit naturlige smil? Jeg prioriterer at fange det naturlige \u00f8jeblik under fotograferingen.\" \/>\n<meta property=\"og:url\" content=\"https:\/\/randphotography.dk\/index.php\/portraetbilleder\/\" \/>\n<meta property=\"og:site_name\" content=\"RandPhotography\" \/>\n<meta property=\"article:modified_time\" content=\"2025-11-29T23:11:04+00:00\" \/>\n<meta property=\"og:image\" content=\"https:\/\/randphotography.dk\/wp-content\/uploads\/2024\/04\/Dagmar08.07-09-scaled-e1713963857254-768x768.jpg\" \/>\n<meta name=\"twitter:card\" content=\"summary_large_image\" \/>\n<meta name=\"twitter:label1\" content=\"Estimeret l\u00e6setid\" \/>\n\t<meta name=\"twitter:data1\" content=\"2 minutter\" \/>\n<script type=\"application\/ld+json\" class=\"yoast-schema-graph\">{\"@context\":\"https:\/\/schema.org\",\"@graph\":[{\"@type\":\"WebPage\",\"@id\":\"https:\/\/randphotography.dk\/index.php\/portraetbilleder\/\",\"url\":\"https:\/\/randphotography.dk\/index.php\/portraetbilleder\/\",\"name\":\"Portr\u00e6tbillede - RandPhotography\",\"isPartOf\":{\"@id\":\"https:\/\/randphotography.dk\/#website\"},\"primaryImageOfPage\":{\"@id\":\"https:\/\/randphotography.dk\/index.php\/portraetbilleder\/#primaryimage\"},\"image\":{\"@id\":\"https:\/\/randphotography.dk\/index.php\/portraetbilleder\/#primaryimage\"},\"thumbnailUrl\":\"https:\/\/randphotography.dk\/wp-content\/uploads\/2024\/04\/Dagmar08.07-09-scaled-e1713963857254-768x768.jpg\",\"datePublished\":\"2024-04-24T08:35:13+00:00\",\"dateModified\":\"2025-11-29T23:11:04+00:00\",\"description\":\"\u00d8nsker du portr\u00e6tbilleder, der fanger dit naturlige smil? Jeg prioriterer at fange det naturlige \u00f8jeblik under fotograferingen.\",\"breadcrumb\":{\"@id\":\"https:\/\/randphotography.dk\/index.php\/portraetbilleder\/#breadcrumb\"},\"inLanguage\":\"da-DK\",\"potentialAction\":[{\"@type\":\"ReadAction\",\"target\":[\"https:\/\/randphotography.dk\/index.php\/portraetbilleder\/\"]}]},{\"@type\":\"ImageObject\",\"inLanguage\":\"da-DK\",\"@id\":\"https:\/\/randphotography.dk\/index.php\/portraetbilleder\/#primaryimage\",\"url\":\"https:\/\/randphotography.dk\/wp-content\/uploads\/2024\/04\/Dagmar08.07-09-scaled-e1713963857254.jpg\",\"contentUrl\":\"https:\/\/randphotography.dk\/wp-content\/uploads\/2024\/04\/Dagmar08.07-09-scaled-e1713963857254.jpg\",\"width\":2048,\"height\":2048},{\"@type\":\"BreadcrumbList\",\"@id\":\"https:\/\/randphotography.dk\/index.php\/portraetbilleder\/#breadcrumb\",\"itemListElement\":[{\"@type\":\"ListItem\",\"position\":1,\"name\":\"Hjem\",\"item\":\"https:\/\/randphotography.dk\/\"},{\"@type\":\"ListItem\",\"position\":2,\"name\":\"Portr\u00e6tbillede\"}]},{\"@type\":\"WebSite\",\"@id\":\"https:\/\/randphotography.dk\/#website\",\"url\":\"https:\/\/randphotography.dk\/\",\"name\":\"Rand-Photography\",\"description\":\"\",\"publisher\":{\"@id\":\"https:\/\/randphotography.dk\/#organization\"},\"potentialAction\":[{\"@type\":\"SearchAction\",\"target\":{\"@type\":\"EntryPoint\",\"urlTemplate\":\"https:\/\/randphotography.dk\/?s={search_term_string}\"},\"query-input\":\"required name=search_term_string\"}],\"inLanguage\":\"da-DK\"},{\"@type\":\"Organization\",\"@id\":\"https:\/\/randphotography.dk\/#organization\",\"name\":\"Rand-Photography\",\"url\":\"https:\/\/randphotography.dk\/\",\"logo\":{\"@type\":\"ImageObject\",\"inLanguage\":\"da-DK\",\"@id\":\"https:\/\/randphotography.dk\/#\/schema\/logo\/image\/\",\"url\":\"https:\/\/randphotography.dk\/wp-content\/uploads\/2024\/04\/watermark-GULD.png\",\"contentUrl\":\"https:\/\/randphotography.dk\/wp-content\/uploads\/2024\/04\/watermark-GULD.png\",\"width\":3821,\"height\":3863,\"caption\":\"Rand-Photography\"},\"image\":{\"@id\":\"https:\/\/randphotography.dk\/#\/schema\/logo\/image\/\"}}]}<\/script>\n<!-- \/ Yoast SEO plugin. -->","yoast_head_json":{"title":"Portr\u00e6tbillede - RandPhotography","description":"\u00d8nsker du portr\u00e6tbilleder, der fanger dit naturlige smil? Jeg prioriterer at fange det naturlige \u00f8jeblik under fotograferingen.","robots":{"index":"index","follow":"follow","max-snippet":"max-snippet:-1","max-image-preview":"max-image-preview:large","max-video-preview":"max-video-preview:-1"},"canonical":"https:\/\/randphotography.dk\/index.php\/portraetbilleder\/","og_locale":"da_DK","og_type":"article","og_title":"Portr\u00e6tbillede - RandPhotography","og_description":"\u00d8nsker du portr\u00e6tbilleder, der fanger dit naturlige smil? Jeg prioriterer at fange det naturlige \u00f8jeblik under fotograferingen.","og_url":"https:\/\/randphotography.dk\/index.php\/portraetbilleder\/","og_site_name":"RandPhotography","article_modified_time":"2025-11-29T23:11:04+00:00","og_image":[{"url":"https:\/\/randphotography.dk\/wp-content\/uploads\/2024\/04\/Dagmar08.07-09-scaled-e1713963857254-768x768.jpg"}],"twitter_card":"summary_large_image","twitter_misc":{"Estimeret l\u00e6setid":"2 minutter"},"schema":{"@context":"https:\/\/schema.org","@graph":[{"@type":"WebPage","@id":"https:\/\/randphotography.dk\/index.php\/portraetbilleder\/","url":"https:\/\/randphotography.dk\/index.php\/portraetbilleder\/","name":"Portr\u00e6tbillede - RandPhotography","isPartOf":{"@id":"https:\/\/randphotography.dk\/#website"},"primaryImageOfPage":{"@id":"https:\/\/randphotography.dk\/index.php\/portraetbilleder\/#primaryimage"},"image":{"@id":"https:\/\/randphotography.dk\/index.php\/portraetbilleder\/#primaryimage"},"thumbnailUrl":"https:\/\/randphotography.dk\/wp-content\/uploads\/2024\/04\/Dagmar08.07-09-scaled-e1713963857254-768x768.jpg","datePublished":"2024-04-24T08:35:13+00:00","dateModified":"2025-11-29T23:11:04+00:00","description":"\u00d8nsker du portr\u00e6tbilleder, der fanger dit naturlige smil? Jeg prioriterer at fange det naturlige \u00f8jeblik under fotograferingen.","breadcrumb":{"@id":"https:\/\/randphotography.dk\/index.php\/portraetbilleder\/#breadcrumb"},"inLanguage":"da-DK","potentialAction":[{"@type":"ReadAction","target":["https:\/\/randphotography.dk\/index.php\/portraetbilleder\/"]}]},{"@type":"ImageObject","inLanguage":"da-DK","@id":"https:\/\/randphotography.dk\/index.php\/portraetbilleder\/#primaryimage","url":"https:\/\/randphotography.dk\/wp-content\/uploads\/2024\/04\/Dagmar08.07-09-scaled-e1713963857254.jpg","contentUrl":"https:\/\/randphotography.dk\/wp-content\/uploads\/2024\/04\/Dagmar08.07-09-scaled-e1713963857254.jpg","width":2048,"height":2048},{"@type":"BreadcrumbList","@id":"https:\/\/randphotography.dk\/index.php\/portraetbilleder\/#breadcrumb","itemListElement":[{"@type":"ListItem","position":1,"name":"Hjem","item":"https:\/\/randphotography.dk\/"},{"@type":"ListItem","position":2,"name":"Portr\u00e6tbillede"}]},{"@type":"WebSite","@id":"https:\/\/randphotography.dk\/#website","url":"https:\/\/randphotography.dk\/","name":"Rand-Photography","description":"","publisher":{"@id":"https:\/\/randphotography.dk\/#organization"},"potentialAction":[{"@type":"SearchAction","target":{"@type":"EntryPoint","urlTemplate":"https:\/\/randphotography.dk\/?s={search_term_string}"},"query-input":"required name=search_term_string"}],"inLanguage":"da-DK"},{"@type":"Organization","@id":"https:\/\/randphotography.dk\/#organization","name":"Rand-Photography","url":"https:\/\/randphotography.dk\/","logo":{"@type":"ImageObject","inLanguage":"da-DK","@id":"https:\/\/randphotography.dk\/#\/schema\/logo\/image\/","url":"https:\/\/randphotography.dk\/wp-content\/uploads\/2024\/04\/watermark-GULD.png","contentUrl":"https:\/\/randphotography.dk\/wp-content\/uploads\/2024\/04\/watermark-GULD.png","width":3821,"height":3863,"caption":"Rand-Photography"},"image":{"@id":"https:\/\/randphotography.dk\/#\/schema\/logo\/image\/"}}]}},"_links":{"self":[{"href":"https:\/\/randphotography.dk\/index.php\/wp-json\/wp\/v2\/pages\/82","targetHints":{"allow":["GET"]}}],"collection":[{"href":"https:\/\/randphotography.dk\/index.php\/wp-json\/wp\/v2\/pages"}],"about":[{"href":"https:\/\/randphotography.dk\/index.php\/wp-json\/wp\/v2\/types\/page"}],"author":[{"embeddable":true,"href":"https:\/\/randphotography.dk\/index.php\/wp-json\/wp\/v2\/users\/1"}],"replies":[{"embeddable":true,"href":"https:\/\/randphotography.dk\/index.php\/wp-json\/wp\/v2\/comments?post=82"}],"version-history":[{"count":13,"href":"https:\/\/randphotography.dk\/index.php\/wp-json\/wp\/v2\/pages\/82\/revisions"}],"predecessor-version":[{"id":596,"href":"https:\/\/randphotography.dk\/index.php\/wp-json\/wp\/v2\/pages\/82\/revisions\/596"}],"wp:attachment":[{"href":"https:\/\/randphotography.dk\/index.php\/wp-json\/wp\/v2\/media?parent=82"}],"curies":[{"name":"wp","href":"https:\/\/api.w.org\/{rel}","templated":true}]}}