{"id":57,"date":"2024-04-24T08:27:55","date_gmt":"2024-04-24T08:27:55","guid":{"rendered":"http:\/\/142.132.203.237\/~randphot\/nyside\/index.php\/home\/"},"modified":"2025-11-29T23:12:51","modified_gmt":"2025-11-29T23:12:51","slug":"forside","status":"publish","type":"page","link":"https:\/\/randphotography.dk\/","title":{"rendered":"Forside"},"content":{"rendered":"\t\t<div data-elementor-type=\"wp-page\" data-elementor-id=\"57\" class=\"elementor elementor-57\">\n\t\t\t\t<div class=\"elementor-element elementor-element-87c194b e-flex e-con-boxed e-con e-parent\" data-id=\"87c194b\" data-element_type=\"container\">\n\t\t\t\t\t<div class=\"e-con-inner\">\n\t\t\t\t<div class=\"elementor-element elementor-element-4d46f89 elementor-widget elementor-widget-heading\" data-id=\"4d46f89\" data-element_type=\"widget\" data-widget_type=\"heading.default\">\n\t\t\t\t<div class=\"elementor-widget-container\">\n\t\t\t<style>\/*! elementor - v3.21.0 - 30-04-2024 *\/\n.elementor-heading-title{padding:0;margin:0;line-height:1}.elementor-widget-heading .elementor-heading-title[class*=elementor-size-]>a{color:inherit;font-size:inherit;line-height:inherit}.elementor-widget-heading .elementor-heading-title.elementor-size-small{font-size:15px}.elementor-widget-heading .elementor-heading-title.elementor-size-medium{font-size:19px}.elementor-widget-heading .elementor-heading-title.elementor-size-large{font-size:29px}.elementor-widget-heading .elementor-heading-title.elementor-size-xl{font-size:39px}.elementor-widget-heading .elementor-heading-title.elementor-size-xxl{font-size:59px}<\/style><h2 class=\"elementor-heading-title elementor-size-default\">Rand Photography<\/h2>\t\t<\/div>\n\t\t\t\t<\/div>\n\t\t\t\t<div class=\"elementor-element elementor-element-a2e21b7 elementor-widget elementor-widget-heading\" data-id=\"a2e21b7\" data-element_type=\"widget\" data-widget_type=\"heading.default\">\n\t\t\t\t<div class=\"elementor-widget-container\">\n\t\t\t<h2 class=\"elementor-heading-title elementor-size-default\">TIL LIVETS VIGTIGSTE \u00d8JEBLIKKE<\/h2>\t\t<\/div>\n\t\t\t\t<\/div>\n\t\t\t\t\t<\/div>\n\t\t\t\t<\/div>\n\t\t<div class=\"elementor-element elementor-element-3ddc017 e-flex e-con-boxed e-con e-parent\" data-id=\"3ddc017\" data-element_type=\"container\">\n\t\t\t\t\t<div class=\"e-con-inner\">\n\t\t\t\t<div class=\"elementor-element elementor-element-d3411d4 elementor-widget elementor-widget-spacer\" data-id=\"d3411d4\" data-element_type=\"widget\" data-widget_type=\"spacer.default\">\n\t\t\t\t<div class=\"elementor-widget-container\">\n\t\t\t<style>\/*! elementor - v3.21.0 - 30-04-2024 *\/\n.elementor-column .elementor-spacer-inner{height:var(--spacer-size)}.e-con{--container-widget-width:100%}.e-con-inner>.elementor-widget-spacer,.e-con>.elementor-widget-spacer{width:var(--container-widget-width,var(--spacer-size));--align-self:var(--container-widget-align-self,initial);--flex-shrink:0}.e-con-inner>.elementor-widget-spacer>.elementor-widget-container,.e-con>.elementor-widget-spacer>.elementor-widget-container{height:100%;width:100%}.e-con-inner>.elementor-widget-spacer>.elementor-widget-container>.elementor-spacer,.e-con>.elementor-widget-spacer>.elementor-widget-container>.elementor-spacer{height:100%}.e-con-inner>.elementor-widget-spacer>.elementor-widget-container>.elementor-spacer>.elementor-spacer-inner,.e-con>.elementor-widget-spacer>.elementor-widget-container>.elementor-spacer>.elementor-spacer-inner{height:var(--container-widget-height,var(--spacer-size))}.e-con-inner>.elementor-widget-spacer.elementor-widget-empty,.e-con>.elementor-widget-spacer.elementor-widget-empty{position:relative;min-height:22px;min-width:22px}.e-con-inner>.elementor-widget-spacer.elementor-widget-empty .elementor-widget-empty-icon,.e-con>.elementor-widget-spacer.elementor-widget-empty .elementor-widget-empty-icon{position:absolute;top:0;bottom:0;left:0;right:0;margin:auto;padding:0;width:22px;height:22px}<\/style>\t\t<div class=\"elementor-spacer\">\n\t\t\t<div class=\"elementor-spacer-inner\"><\/div>\n\t\t<\/div>\n\t\t\t\t<\/div>\n\t\t\t\t<\/div>\n\t\t\t\t\t<\/div>\n\t\t\t\t<\/div>\n\t\t<div class=\"elementor-element elementor-element-48dbf8b e-flex e-con-boxed e-con e-parent\" data-id=\"48dbf8b\" data-element_type=\"container\">\n\t\t\t\t\t<div class=\"e-con-inner\">\n\t\t\t\t<div class=\"elementor-element elementor-element-746e993 elementor-widget elementor-widget-image-carousel\" data-id=\"746e993\" data-element_type=\"widget\" data-settings=\"{&quot;slides_to_show&quot;:&quot;3&quot;,&quot;slides_to_scroll&quot;:&quot;1&quot;,&quot;navigation&quot;:&quot;none&quot;,&quot;autoplay_speed&quot;:1500,&quot;autoplay&quot;:&quot;yes&quot;,&quot;pause_on_hover&quot;:&quot;yes&quot;,&quot;pause_on_interaction&quot;:&quot;yes&quot;,&quot;infinite&quot;:&quot;yes&quot;,&quot;speed&quot;:500}\" data-widget_type=\"image-carousel.default\">\n\t\t\t\t<div class=\"elementor-widget-container\">\n\t\t\t<style>\/*! elementor - v3.21.0 - 30-04-2024 *\/\n.elementor-widget-image-carousel .swiper,.elementor-widget-image-carousel .swiper-container{position:static}.elementor-widget-image-carousel .swiper-container .swiper-slide figure,.elementor-widget-image-carousel .swiper .swiper-slide figure{line-height:inherit}.elementor-widget-image-carousel .swiper-slide{text-align:center}.elementor-image-carousel-wrapper:not(.swiper-container-initialized):not(.swiper-initialized) .swiper-slide{max-width:calc(100% \/ var(--e-image-carousel-slides-to-show, 3))}<\/style>\t\t<div class=\"elementor-image-carousel-wrapper swiper\" dir=\"ltr\">\n\t\t\t<div class=\"elementor-image-carousel swiper-wrapper swiper-image-stretch\" aria-live=\"off\">\n\t\t\t\t\t\t\t\t<div class=\"swiper-slide\" role=\"group\" aria-roledescription=\"slide\" aria-label=\"1 of 8\"><figure class=\"swiper-slide-inner\"><img decoding=\"async\" class=\"swiper-slide-image\" src=\"https:\/\/randphotography.dk\/wp-content\/uploads\/elementor\/thumbs\/Valdemar-62-scaled-e1713964244785-qn6lw7rznmwxx7iq6ylhk516ujmvka4c5rbz5wdvj8.jpg\" alt=\"Konfirmationsbillede af dreng\" \/><\/figure><\/div><div class=\"swiper-slide\" role=\"group\" aria-roledescription=\"slide\" aria-label=\"2 of 8\"><figure class=\"swiper-slide-inner\"><img decoding=\"async\" class=\"swiper-slide-image\" src=\"https:\/\/randphotography.dk\/wp-content\/uploads\/elementor\/thumbs\/Salon_Mig_Tid-28-scaled-qn6aq1jxiidcfhp5lmaz84k8wjw76eisj6s04uovs4.jpg\" alt=\"Salon Mig Tid\" \/><\/figure><\/div><div class=\"swiper-slide\" role=\"group\" aria-roledescription=\"slide\" aria-label=\"3 of 8\"><figure class=\"swiper-slide-inner\"><img decoding=\"async\" class=\"swiper-slide-image\" src=\"https:\/\/randphotography.dk\/wp-content\/uploads\/elementor\/thumbs\/KONF-ALBE-19-scaled-e1714824683800-qnnxyb4xgfawvk9kzjxaaedn0t4cxtybylhq2fonok.jpg\" alt=\"KONF-ALBE-19\" \/><\/figure><\/div><div class=\"swiper-slide\" role=\"group\" aria-roledescription=\"slide\" aria-label=\"4 of 8\"><figure class=\"swiper-slide-inner\"><img decoding=\"async\" class=\"swiper-slide-image\" src=\"https:\/\/randphotography.dk\/wp-content\/uploads\/elementor\/thumbs\/Dagmar08.07-14-scaled-qn6aokwyvsdadbtm4zjvchufmz3n7cptny8t9cuxgk.jpg\" alt=\"Portr\u00e6tbillede af pige med hest\" \/><\/figure><\/div><div class=\"swiper-slide\" role=\"group\" aria-roledescription=\"slide\" aria-label=\"5 of 8\"><figure class=\"swiper-slide-inner\"><img decoding=\"async\" class=\"swiper-slide-image\" src=\"https:\/\/randphotography.dk\/wp-content\/uploads\/elementor\/thumbs\/Valdemar-34-scaled-e1713964189716-qn6lus2v7qy66nltku90902u6cposxf3mng9roij1g.jpg\" alt=\"Konfirmationsbillede af dreng\" \/><\/figure><\/div><div class=\"swiper-slide\" role=\"group\" aria-roledescription=\"slide\" aria-label=\"6 of 8\"><figure class=\"swiper-slide-inner\"><img decoding=\"async\" class=\"swiper-slide-image\" src=\"https:\/\/randphotography.dk\/wp-content\/uploads\/elementor\/thumbs\/KONF-ALBE-50-scaled-e1714824658228-qnnxxnmypkeqtb7psrrm22b466c6led1jd6l2ini04.jpg\" alt=\"KONF-ALBE-50\" \/><\/figure><\/div><div class=\"swiper-slide\" role=\"group\" aria-roledescription=\"slide\" aria-label=\"7 of 8\"><figure class=\"swiper-slide-inner\"><img decoding=\"async\" class=\"swiper-slide-image\" src=\"https:\/\/randphotography.dk\/wp-content\/uploads\/elementor\/thumbs\/Salon_Mig_Tid-11-scaled-qn6apvwwdi5mhtxcijv7t5zhc8nzw7weiev396x8tg.jpg\" alt=\"Salon Mig Tid\" \/><\/figure><\/div><div class=\"swiper-slide\" role=\"group\" aria-roledescription=\"slide\" aria-label=\"8 of 8\"><figure class=\"swiper-slide-inner\"><img decoding=\"async\" class=\"swiper-slide-image\" src=\"https:\/\/randphotography.dk\/wp-content\/uploads\/elementor\/thumbs\/KONF-ALBE-32-scaled-e1714824671201-qnnxxzuv6evh08pytf1rgh83w6nydgpjx1nwb45dr8.jpg\" alt=\"KONF-ALBE-32\" \/><\/figure><\/div>\t\t\t<\/div>\n\t\t\t\t\t\t\t\n\t\t\t\t\t\t\t\t\t<\/div>\n\t\t\t\t<\/div>\n\t\t\t\t<\/div>\n\t\t\t\t\t<\/div>\n\t\t\t\t<\/div>\n\t\t<div class=\"elementor-element elementor-element-0b95ce8 e-flex e-con-boxed e-con e-parent\" data-id=\"0b95ce8\" data-element_type=\"container\">\n\t\t\t\t\t<div class=\"e-con-inner\">\n\t\t\t\t<div class=\"elementor-element elementor-element-76bdd0b elementor-widget elementor-widget-spacer\" data-id=\"76bdd0b\" data-element_type=\"widget\" data-widget_type=\"spacer.default\">\n\t\t\t\t<div class=\"elementor-widget-container\">\n\t\t\t\t\t<div class=\"elementor-spacer\">\n\t\t\t<div class=\"elementor-spacer-inner\"><\/div>\n\t\t<\/div>\n\t\t\t\t<\/div>\n\t\t\t\t<\/div>\n\t\t\t\t\t<\/div>\n\t\t\t\t<\/div>\n\t\t<div class=\"elementor-element elementor-element-6c3f0d0 e-flex e-con-boxed e-con e-parent\" data-id=\"6c3f0d0\" data-element_type=\"container\">\n\t\t\t\t\t<div class=\"e-con-inner\">\n\t\t\t\t\t<\/div>\n\t\t\t\t<\/div>\n\t\t<div class=\"elementor-element elementor-element-f08e95b e-flex e-con-boxed e-con e-parent\" data-id=\"f08e95b\" data-element_type=\"container\">\n\t\t\t\t\t<div class=\"e-con-inner\">\n\t\t\t\t<div class=\"elementor-element elementor-element-bb8d229 elementor-widget elementor-widget-spacer\" data-id=\"bb8d229\" data-element_type=\"widget\" data-widget_type=\"spacer.default\">\n\t\t\t\t<div class=\"elementor-widget-container\">\n\t\t\t\t\t<div class=\"elementor-spacer\">\n\t\t\t<div class=\"elementor-spacer-inner\"><\/div>\n\t\t<\/div>\n\t\t\t\t<\/div>\n\t\t\t\t<\/div>\n\t\t\t\t\t<\/div>\n\t\t\t\t<\/div>\n\t\t<div class=\"elementor-element elementor-element-7dbeabd e-grid e-con-boxed e-con e-parent\" data-id=\"7dbeabd\" data-element_type=\"container\">\n\t\t\t\t\t<div class=\"e-con-inner\">\n\t\t\t\t<div class=\"elementor-element elementor-element-67e1437 elementor-widget elementor-widget-text-editor\" data-id=\"67e1437\" data-element_type=\"widget\" data-widget_type=\"text-editor.default\">\n\t\t\t\t<div class=\"elementor-widget-container\">\n\t\t\t<style>\/*! elementor - v3.21.0 - 30-04-2024 *\/\n.elementor-widget-text-editor.elementor-drop-cap-view-stacked .elementor-drop-cap{background-color:#69727d;color:#fff}.elementor-widget-text-editor.elementor-drop-cap-view-framed .elementor-drop-cap{color:#69727d;border:3px solid;background-color:transparent}.elementor-widget-text-editor:not(.elementor-drop-cap-view-default) .elementor-drop-cap{margin-top:8px}.elementor-widget-text-editor:not(.elementor-drop-cap-view-default) .elementor-drop-cap-letter{width:1em;height:1em}.elementor-widget-text-editor .elementor-drop-cap{float:left;text-align:center;line-height:1;font-size:50px}.elementor-widget-text-editor .elementor-drop-cap-letter{display:inline-block}<\/style>\t\t\t\t<h1 style=\"font-family: var(--heading-1_font-family); font-weight: var(--heading-1_font-weight); line-height: var(--heading-1_line-height); color: #212529; font-size: var(--heading-1_font-size-small); white-space-collapse: preserve; margin: 0px; cursor: text; counter-reset: none; padding: 0px; -webkit-font-smoothing: antialiased; pointer-events: auto;\"><span style=\"color: #ffffff;\">Velkommen til Rand-Photography, din lokale fotograf i Horsens. Jeg specialiserer mig i at fange de \u00f8jeblikke, der betyder mest for dig. Med min unikke evne til at indfange \u00e6gte sk\u00f8nhed og autenticitet, skaber jeg uforglemmelige billeder, der fort\u00e6ller din historie med elegance og dybde. Mine tjenester tilbydes til konkurrencedygtige priser, s\u00e5 ogs\u00e5 du kan nyde professionel fotografering.<\/span><\/h1>\t\t\t\t\t\t<\/div>\n\t\t\t\t<\/div>\n\t\t\t\t<div class=\"elementor-element elementor-element-066b5f7 elementor-widget elementor-widget-image\" data-id=\"066b5f7\" data-element_type=\"widget\" data-widget_type=\"image.default\">\n\t\t\t\t<div class=\"elementor-widget-container\">\n\t\t\t<style>\/*! elementor - v3.21.0 - 30-04-2024 *\/\n.elementor-widget-image{text-align:center}.elementor-widget-image a{display:inline-block}.elementor-widget-image a img[src$=\".svg\"]{width:48px}.elementor-widget-image img{vertical-align:middle;display:inline-block}<\/style>\t\t\t\t\t\t\t\t\t\t<img decoding=\"async\" src=\"https:\/\/randphotography.dk\/wp-content\/uploads\/elementor\/thumbs\/Valdemar-55-scaled-qnj192h78inpyhlzzv0nf4bemyx0f30u5rvqbcv3ig.jpg\" title=\"Valdemar (55)\" alt=\"Valdemar (55)\" loading=\"lazy\" \/>\t\t\t\t\t\t\t\t\t\t\t\t\t<\/div>\n\t\t\t\t<\/div>\n\t\t\t\t\t<\/div>\n\t\t\t\t<\/div>\n\t\t<div class=\"elementor-element elementor-element-0bfec4c e-flex e-con-boxed e-con e-parent\" data-id=\"0bfec4c\" data-element_type=\"container\">\n\t\t\t\t\t<div class=\"e-con-inner\">\n\t\t\t\t<div class=\"elementor-element elementor-element-5cc87e8 elementor-widget elementor-widget-text-editor\" data-id=\"5cc87e8\" data-element_type=\"widget\" data-widget_type=\"text-editor.default\">\n\t\t\t\t<div class=\"elementor-widget-container\">\n\t\t\t\t\t\t\t<p><span style=\"color: #ffffff; font-family: 'Cormorant Garamond', serif; font-size: 14px; text-align: center;\">\u00a9 2024 Rand-Photography<\/span><\/p>\t\t\t\t\t\t<\/div>\n\t\t\t\t<\/div>\n\t\t\t\t\t<\/div>\n\t\t\t\t<\/div>\n\t\t\t\t<\/div>\n\t\t","protected":false},"excerpt":{"rendered":"<p>Rand Photography TIL LIVETS VIGTIGSTE \u00d8JEBLIKKE Velkommen til Rand-Photography, din lokale fotograf i Horsens. Jeg specialiserer mig i at fange de \u00f8jeblikke, der betyder mest for dig. Med min unikke evne til at indfange \u00e6gte sk\u00f8nhed og autenticitet, skaber jeg uforglemmelige billeder, der fort\u00e6ller din historie med elegance og dybde. Mine tjenester tilbydes til konkurrencedygtige [&hellip;]<\/p>\n","protected":false},"author":1,"featured_media":0,"parent":0,"menu_order":0,"comment_status":"closed","ping_status":"closed","template":"elementor_header_footer","meta":{"footnotes":""},"class_list":["post-57","page","type-page","status-publish","hentry"],"yoast_head":"<!-- This site is optimized with the Yoast SEO plugin v22.6 - https:\/\/yoast.com\/wordpress\/plugins\/seo\/ -->\n<title>RandPhotography - Fotograf i Horsens<\/title>\n<meta name=\"description\" content=\"Din personlige fotograf i Horsens med en skarp pris. Der tilbydes b\u00e5de privat- og erhvervsfotografering samt videoproduktion.\" \/>\n<meta name=\"robots\" content=\"index, follow, max-snippet:-1, max-image-preview:large, max-video-preview:-1\" \/>\n<link rel=\"canonical\" href=\"https:\/\/randphotography.dk\/\" \/>\n<meta property=\"og:locale\" content=\"da_DK\" \/>\n<meta property=\"og:type\" content=\"article\" \/>\n<meta property=\"og:title\" content=\"RandPhotography - Fotograf i Horsens\" \/>\n<meta property=\"og:description\" content=\"Din personlige fotograf i Horsens med en skarp pris. Der tilbydes b\u00e5de privat- og erhvervsfotografering samt videoproduktion.\" \/>\n<meta property=\"og:url\" content=\"https:\/\/randphotography.dk\/\" \/>\n<meta property=\"og:site_name\" content=\"RandPhotography\" \/>\n<meta property=\"article:modified_time\" content=\"2025-11-29T23:12:51+00:00\" \/>\n<meta property=\"og:image\" content=\"https:\/\/randphotography.dk\/wp-content\/uploads\/elementor\/thumbs\/Valdemar-62-scaled-e1713964244785-qn6lw7rznmwxx7iq6ylhk516ujmvka4c5rbz5wdvj8.jpg\" \/>\n<meta name=\"twitter:card\" content=\"summary_large_image\" \/>\n<meta name=\"twitter:label1\" content=\"Estimeret l\u00e6setid\" \/>\n\t<meta name=\"twitter:data1\" content=\"4 minutter\" \/>\n<script type=\"application\/ld+json\" class=\"yoast-schema-graph\">{\"@context\":\"https:\/\/schema.org\",\"@graph\":[{\"@type\":\"WebPage\",\"@id\":\"https:\/\/randphotography.dk\/\",\"url\":\"https:\/\/randphotography.dk\/\",\"name\":\"RandPhotography - Fotograf i Horsens\",\"isPartOf\":{\"@id\":\"https:\/\/randphotography.dk\/#website\"},\"primaryImageOfPage\":{\"@id\":\"https:\/\/randphotography.dk\/#primaryimage\"},\"image\":{\"@id\":\"https:\/\/randphotography.dk\/#primaryimage\"},\"thumbnailUrl\":\"https:\/\/randphotography.dk\/wp-content\/uploads\/elementor\/thumbs\/Valdemar-62-scaled-e1713964244785-qn6lw7rznmwxx7iq6ylhk516ujmvka4c5rbz5wdvj8.jpg\",\"datePublished\":\"2024-04-24T08:27:55+00:00\",\"dateModified\":\"2025-11-29T23:12:51+00:00\",\"description\":\"Din personlige fotograf i Horsens med en skarp pris. Der tilbydes b\u00e5de privat- og erhvervsfotografering samt videoproduktion.\",\"breadcrumb\":{\"@id\":\"https:\/\/randphotography.dk\/#breadcrumb\"},\"inLanguage\":\"da-DK\",\"potentialAction\":[{\"@type\":\"ReadAction\",\"target\":[\"https:\/\/randphotography.dk\/\"]}]},{\"@type\":\"ImageObject\",\"inLanguage\":\"da-DK\",\"@id\":\"https:\/\/randphotography.dk\/#primaryimage\",\"url\":\"https:\/\/randphotography.dk\/wp-content\/uploads\/elementor\/thumbs\/Valdemar-62-scaled-e1713964244785-qn6lw7rznmwxx7iq6ylhk516ujmvka4c5rbz5wdvj8.jpg\",\"contentUrl\":\"https:\/\/randphotography.dk\/wp-content\/uploads\/elementor\/thumbs\/Valdemar-62-scaled-e1713964244785-qn6lw7rznmwxx7iq6ylhk516ujmvka4c5rbz5wdvj8.jpg\"},{\"@type\":\"BreadcrumbList\",\"@id\":\"https:\/\/randphotography.dk\/#breadcrumb\",\"itemListElement\":[{\"@type\":\"ListItem\",\"position\":1,\"name\":\"Hjem\",\"item\":\"https:\/\/randphotography.dk\/\"},{\"@type\":\"ListItem\",\"position\":2,\"name\":\"Forside\"}]},{\"@type\":\"WebSite\",\"@id\":\"https:\/\/randphotography.dk\/#website\",\"url\":\"https:\/\/randphotography.dk\/\",\"name\":\"Rand-Photography\",\"description\":\"\",\"publisher\":{\"@id\":\"https:\/\/randphotography.dk\/#organization\"},\"potentialAction\":[{\"@type\":\"SearchAction\",\"target\":{\"@type\":\"EntryPoint\",\"urlTemplate\":\"https:\/\/randphotography.dk\/?s={search_term_string}\"},\"query-input\":\"required name=search_term_string\"}],\"inLanguage\":\"da-DK\"},{\"@type\":\"Organization\",\"@id\":\"https:\/\/randphotography.dk\/#organization\",\"name\":\"Rand-Photography\",\"url\":\"https:\/\/randphotography.dk\/\",\"logo\":{\"@type\":\"ImageObject\",\"inLanguage\":\"da-DK\",\"@id\":\"https:\/\/randphotography.dk\/#\/schema\/logo\/image\/\",\"url\":\"https:\/\/randphotography.dk\/wp-content\/uploads\/2024\/04\/watermark-GULD.png\",\"contentUrl\":\"https:\/\/randphotography.dk\/wp-content\/uploads\/2024\/04\/watermark-GULD.png\",\"width\":3821,\"height\":3863,\"caption\":\"Rand-Photography\"},\"image\":{\"@id\":\"https:\/\/randphotography.dk\/#\/schema\/logo\/image\/\"}}]}<\/script>\n<!-- \/ Yoast SEO plugin. -->","yoast_head_json":{"title":"RandPhotography - Fotograf i Horsens","description":"Din personlige fotograf i Horsens med en skarp pris. Der tilbydes b\u00e5de privat- og erhvervsfotografering samt videoproduktion.","robots":{"index":"index","follow":"follow","max-snippet":"max-snippet:-1","max-image-preview":"max-image-preview:large","max-video-preview":"max-video-preview:-1"},"canonical":"https:\/\/randphotography.dk\/","og_locale":"da_DK","og_type":"article","og_title":"RandPhotography - Fotograf i Horsens","og_description":"Din personlige fotograf i Horsens med en skarp pris. Der tilbydes b\u00e5de privat- og erhvervsfotografering samt videoproduktion.","og_url":"https:\/\/randphotography.dk\/","og_site_name":"RandPhotography","article_modified_time":"2025-11-29T23:12:51+00:00","og_image":[{"url":"https:\/\/randphotography.dk\/wp-content\/uploads\/elementor\/thumbs\/Valdemar-62-scaled-e1713964244785-qn6lw7rznmwxx7iq6ylhk516ujmvka4c5rbz5wdvj8.jpg"}],"twitter_card":"summary_large_image","twitter_misc":{"Estimeret l\u00e6setid":"4 minutter"},"schema":{"@context":"https:\/\/schema.org","@graph":[{"@type":"WebPage","@id":"https:\/\/randphotography.dk\/","url":"https:\/\/randphotography.dk\/","name":"RandPhotography - Fotograf i Horsens","isPartOf":{"@id":"https:\/\/randphotography.dk\/#website"},"primaryImageOfPage":{"@id":"https:\/\/randphotography.dk\/#primaryimage"},"image":{"@id":"https:\/\/randphotography.dk\/#primaryimage"},"thumbnailUrl":"https:\/\/randphotography.dk\/wp-content\/uploads\/elementor\/thumbs\/Valdemar-62-scaled-e1713964244785-qn6lw7rznmwxx7iq6ylhk516ujmvka4c5rbz5wdvj8.jpg","datePublished":"2024-04-24T08:27:55+00:00","dateModified":"2025-11-29T23:12:51+00:00","description":"Din personlige fotograf i Horsens med en skarp pris. Der tilbydes b\u00e5de privat- og erhvervsfotografering samt videoproduktion.","breadcrumb":{"@id":"https:\/\/randphotography.dk\/#breadcrumb"},"inLanguage":"da-DK","potentialAction":[{"@type":"ReadAction","target":["https:\/\/randphotography.dk\/"]}]},{"@type":"ImageObject","inLanguage":"da-DK","@id":"https:\/\/randphotography.dk\/#primaryimage","url":"https:\/\/randphotography.dk\/wp-content\/uploads\/elementor\/thumbs\/Valdemar-62-scaled-e1713964244785-qn6lw7rznmwxx7iq6ylhk516ujmvka4c5rbz5wdvj8.jpg","contentUrl":"https:\/\/randphotography.dk\/wp-content\/uploads\/elementor\/thumbs\/Valdemar-62-scaled-e1713964244785-qn6lw7rznmwxx7iq6ylhk516ujmvka4c5rbz5wdvj8.jpg"},{"@type":"BreadcrumbList","@id":"https:\/\/randphotography.dk\/#breadcrumb","itemListElement":[{"@type":"ListItem","position":1,"name":"Hjem","item":"https:\/\/randphotography.dk\/"},{"@type":"ListItem","position":2,"name":"Forside"}]},{"@type":"WebSite","@id":"https:\/\/randphotography.dk\/#website","url":"https:\/\/randphotography.dk\/","name":"Rand-Photography","description":"","publisher":{"@id":"https:\/\/randphotography.dk\/#organization"},"potentialAction":[{"@type":"SearchAction","target":{"@type":"EntryPoint","urlTemplate":"https:\/\/randphotography.dk\/?s={search_term_string}"},"query-input":"required name=search_term_string"}],"inLanguage":"da-DK"},{"@type":"Organization","@id":"https:\/\/randphotography.dk\/#organization","name":"Rand-Photography","url":"https:\/\/randphotography.dk\/","logo":{"@type":"ImageObject","inLanguage":"da-DK","@id":"https:\/\/randphotography.dk\/#\/schema\/logo\/image\/","url":"https:\/\/randphotography.dk\/wp-content\/uploads\/2024\/04\/watermark-GULD.png","contentUrl":"https:\/\/randphotography.dk\/wp-content\/uploads\/2024\/04\/watermark-GULD.png","width":3821,"height":3863,"caption":"Rand-Photography"},"image":{"@id":"https:\/\/randphotography.dk\/#\/schema\/logo\/image\/"}}]}},"_links":{"self":[{"href":"https:\/\/randphotography.dk\/index.php\/wp-json\/wp\/v2\/pages\/57","targetHints":{"allow":["GET"]}}],"collection":[{"href":"https:\/\/randphotography.dk\/index.php\/wp-json\/wp\/v2\/pages"}],"about":[{"href":"https:\/\/randphotography.dk\/index.php\/wp-json\/wp\/v2\/types\/page"}],"author":[{"embeddable":true,"href":"https:\/\/randphotography.dk\/index.php\/wp-json\/wp\/v2\/users\/1"}],"replies":[{"embeddable":true,"href":"https:\/\/randphotography.dk\/index.php\/wp-json\/wp\/v2\/comments?post=57"}],"version-history":[{"count":73,"href":"https:\/\/randphotography.dk\/index.php\/wp-json\/wp\/v2\/pages\/57\/revisions"}],"predecessor-version":[{"id":602,"href":"https:\/\/randphotography.dk\/index.php\/wp-json\/wp\/v2\/pages\/57\/revisions\/602"}],"wp:attachment":[{"href":"https:\/\/randphotography.dk\/index.php\/wp-json\/wp\/v2\/media?parent=57"}],"curies":[{"name":"wp","href":"https:\/\/api.w.org\/{rel}","templated":true}]}}