{"id":42,"date":"2024-04-24T08:27:54","date_gmt":"2024-04-24T08:27:54","guid":{"rendered":"http:\/\/142.132.203.237\/~randphot\/nyside\/index.php\/our-services\/"},"modified":"2025-11-29T23:10:32","modified_gmt":"2025-11-29T23:10:32","slug":"portefoelje","status":"publish","type":"page","link":"https:\/\/randphotography.dk\/index.php\/portefoelje\/","title":{"rendered":"Portef\u00f8lje"},"content":{"rendered":"\t\t<div data-elementor-type=\"wp-page\" data-elementor-id=\"42\" class=\"elementor elementor-42\">\n\t\t\t\t<div class=\"elementor-element elementor-element-132949a e-flex e-con-boxed e-con e-parent\" data-id=\"132949a\" data-element_type=\"container\">\n\t\t\t\t\t<div class=\"e-con-inner\">\n\t\t\t\t<div class=\"elementor-element elementor-element-9b39f0e elementor-widget elementor-widget-heading\" data-id=\"9b39f0e\" data-element_type=\"widget\" data-widget_type=\"heading.default\">\n\t\t\t\t<div class=\"elementor-widget-container\">\n\t\t\t<style>\/*! elementor - v3.21.0 - 30-04-2024 *\/\n.elementor-heading-title{padding:0;margin:0;line-height:1}.elementor-widget-heading .elementor-heading-title[class*=elementor-size-]>a{color:inherit;font-size:inherit;line-height:inherit}.elementor-widget-heading .elementor-heading-title.elementor-size-small{font-size:15px}.elementor-widget-heading .elementor-heading-title.elementor-size-medium{font-size:19px}.elementor-widget-heading .elementor-heading-title.elementor-size-large{font-size:29px}.elementor-widget-heading .elementor-heading-title.elementor-size-xl{font-size:39px}.elementor-widget-heading .elementor-heading-title.elementor-size-xxl{font-size:59px}<\/style><h2 class=\"elementor-heading-title elementor-size-default\">PORTEF\u00d8LJE<\/h2>\t\t<\/div>\n\t\t\t\t<\/div>\n\t\t\t\t<div class=\"elementor-element elementor-element-ad3970a elementor-widget elementor-widget-spacer\" data-id=\"ad3970a\" data-element_type=\"widget\" data-widget_type=\"spacer.default\">\n\t\t\t\t<div class=\"elementor-widget-container\">\n\t\t\t<style>\/*! elementor - v3.21.0 - 30-04-2024 *\/\n.elementor-column .elementor-spacer-inner{height:var(--spacer-size)}.e-con{--container-widget-width:100%}.e-con-inner>.elementor-widget-spacer,.e-con>.elementor-widget-spacer{width:var(--container-widget-width,var(--spacer-size));--align-self:var(--container-widget-align-self,initial);--flex-shrink:0}.e-con-inner>.elementor-widget-spacer>.elementor-widget-container,.e-con>.elementor-widget-spacer>.elementor-widget-container{height:100%;width:100%}.e-con-inner>.elementor-widget-spacer>.elementor-widget-container>.elementor-spacer,.e-con>.elementor-widget-spacer>.elementor-widget-container>.elementor-spacer{height:100%}.e-con-inner>.elementor-widget-spacer>.elementor-widget-container>.elementor-spacer>.elementor-spacer-inner,.e-con>.elementor-widget-spacer>.elementor-widget-container>.elementor-spacer>.elementor-spacer-inner{height:var(--container-widget-height,var(--spacer-size))}.e-con-inner>.elementor-widget-spacer.elementor-widget-empty,.e-con>.elementor-widget-spacer.elementor-widget-empty{position:relative;min-height:22px;min-width:22px}.e-con-inner>.elementor-widget-spacer.elementor-widget-empty .elementor-widget-empty-icon,.e-con>.elementor-widget-spacer.elementor-widget-empty .elementor-widget-empty-icon{position:absolute;top:0;bottom:0;left:0;right:0;margin:auto;padding:0;width:22px;height:22px}<\/style>\t\t<div class=\"elementor-spacer\">\n\t\t\t<div class=\"elementor-spacer-inner\"><\/div>\n\t\t<\/div>\n\t\t\t\t<\/div>\n\t\t\t\t<\/div>\n\t\t\t\t\t<\/div>\n\t\t\t\t<\/div>\n\t\t<div class=\"elementor-element elementor-element-fec5035 e-flex e-con-boxed e-con e-parent\" data-id=\"fec5035\" data-element_type=\"container\">\n\t\t\t\t\t<div class=\"e-con-inner\">\n\t\t\t\t<div class=\"elementor-element elementor-element-cd10cf6 elementor-widget elementor-widget-image\" data-id=\"cd10cf6\" data-element_type=\"widget\" data-widget_type=\"image.default\">\n\t\t\t\t<div class=\"elementor-widget-container\">\n\t\t\t<style>\/*! elementor - v3.21.0 - 30-04-2024 *\/\n.elementor-widget-image{text-align:center}.elementor-widget-image a{display:inline-block}.elementor-widget-image a img[src$=\".svg\"]{width:48px}.elementor-widget-image img{vertical-align:middle;display:inline-block}<\/style>\t\t\t\t\t\t\t\t\t\t\t<a href=\"https:\/\/randphotography.dk\/index.php\/portraetbillede\/\">\n\t\t\t\t\t\t\t<img decoding=\"async\" src=\"https:\/\/randphotography.dk\/wp-content\/uploads\/elementor\/thumbs\/DSC07826-scaled-e1713963919236-qn6lnq9zxs7f16fwpway288m6twqh1nhfjbnw0p7ak.jpg\" title=\"DSC07826\" alt=\"DSC07826\" loading=\"lazy\" \/>\t\t\t\t\t\t\t\t<\/a>\n\t\t\t\t\t\t\t\t\t\t\t\t\t<\/div>\n\t\t\t\t<\/div>\n\t\t\t\t<div class=\"elementor-element elementor-element-b960933 elementor-widget__width-initial elementor-widget elementor-widget-text-editor\" data-id=\"b960933\" data-element_type=\"widget\" data-widget_type=\"text-editor.default\">\n\t\t\t\t<div class=\"elementor-widget-container\">\n\t\t\t<style>\/*! elementor - v3.21.0 - 30-04-2024 *\/\n.elementor-widget-text-editor.elementor-drop-cap-view-stacked .elementor-drop-cap{background-color:#69727d;color:#fff}.elementor-widget-text-editor.elementor-drop-cap-view-framed .elementor-drop-cap{color:#69727d;border:3px solid;background-color:transparent}.elementor-widget-text-editor:not(.elementor-drop-cap-view-default) .elementor-drop-cap{margin-top:8px}.elementor-widget-text-editor:not(.elementor-drop-cap-view-default) .elementor-drop-cap-letter{width:1em;height:1em}.elementor-widget-text-editor .elementor-drop-cap{float:left;text-align:center;line-height:1;font-size:50px}.elementor-widget-text-editor .elementor-drop-cap-letter{display:inline-block}<\/style>\t\t\t\t<h5 style=\"text-align: center;\"><span style=\"color: #ffffff;\">PORTR\u00c6TBILLEDER<\/span><\/h5>\t\t\t\t\t\t<\/div>\n\t\t\t\t<\/div>\n\t\t\t\t\t<\/div>\n\t\t\t\t<\/div>\n\t\t<div class=\"elementor-element elementor-element-c3dc974 e-flex e-con-boxed e-con e-parent\" data-id=\"c3dc974\" data-element_type=\"container\">\n\t\t\t\t\t<div class=\"e-con-inner\">\n\t\t\t\t<div class=\"elementor-element elementor-element-b82bb22 elementor-widget elementor-widget-image\" data-id=\"b82bb22\" data-element_type=\"widget\" data-widget_type=\"image.default\">\n\t\t\t\t<div class=\"elementor-widget-container\">\n\t\t\t\t\t\t\t\t\t\t\t\t\t\t<a href=\"https:\/\/randphotography.dk\/index.php\/konfirmationsbilleder\/\">\n\t\t\t\t\t\t\t<img decoding=\"async\" src=\"https:\/\/randphotography.dk\/wp-content\/uploads\/elementor\/thumbs\/Valdemar-34-scaled-e1713964189716-qn6lus2f71uu3w79jy07rg72kv5u7bn0efgrgq8wmk.jpg\" title=\"Valdemar-34\" alt=\"Konfirmationsbillede af dreng\" loading=\"lazy\" \/>\t\t\t\t\t\t\t\t<\/a>\n\t\t\t\t\t\t\t\t\t\t\t\t\t<\/div>\n\t\t\t\t<\/div>\n\t\t\t\t<div class=\"elementor-element elementor-element-bc6ed58 elementor-widget__width-initial elementor-widget elementor-widget-text-editor\" data-id=\"bc6ed58\" data-element_type=\"widget\" data-widget_type=\"text-editor.default\">\n\t\t\t\t<div class=\"elementor-widget-container\">\n\t\t\t\t\t\t\t<h5 style=\"text-align: center;\"><span style=\"color: #ffffff;\">KONFIRMATIONSBILLEDER<\/span><\/h5>\t\t\t\t\t\t<\/div>\n\t\t\t\t<\/div>\n\t\t\t\t\t<\/div>\n\t\t\t\t<\/div>\n\t\t<div class=\"elementor-element elementor-element-9138e7d e-flex e-con-boxed e-con e-parent\" data-id=\"9138e7d\" data-element_type=\"container\">\n\t\t\t\t\t<div class=\"e-con-inner\">\n\t\t\t\t<div class=\"elementor-element elementor-element-972ba18 elementor-widget elementor-widget-image\" data-id=\"972ba18\" data-element_type=\"widget\" data-widget_type=\"image.default\">\n\t\t\t\t<div class=\"elementor-widget-container\">\n\t\t\t\t\t\t\t\t\t\t\t\t\t\t<a href=\"https:\/\/randphotography.dk\/index.php\/erhvervsopgaver\/\">\n\t\t\t\t\t\t\t<img decoding=\"async\" src=\"https:\/\/randphotography.dk\/wp-content\/uploads\/elementor\/thumbs\/Salon_Mig_Tid-28-scaled-qn6aq1jhhta0cqalkq26qkohb2ccksqpayshtwf9d8.jpg\" title=\"Salon_Mig_Tid-28\" alt=\"Salon Mig Tid\" loading=\"lazy\" \/>\t\t\t\t\t\t\t\t<\/a>\n\t\t\t\t\t\t\t\t\t\t\t\t\t<\/div>\n\t\t\t\t<\/div>\n\t\t\t\t<div class=\"elementor-element elementor-element-a3d1cd4 elementor-widget__width-initial elementor-widget elementor-widget-text-editor\" data-id=\"a3d1cd4\" data-element_type=\"widget\" data-widget_type=\"text-editor.default\">\n\t\t\t\t<div class=\"elementor-widget-container\">\n\t\t\t\t\t\t\t<h5 style=\"text-align: center;\"><span style=\"color: #ffffff;\">ERHVERVSOPGAVER<\/span><\/h5>\t\t\t\t\t\t<\/div>\n\t\t\t\t<\/div>\n\t\t\t\t\t<\/div>\n\t\t\t\t<\/div>\n\t\t<div class=\"elementor-element elementor-element-1cc58a8 e-grid e-con-boxed e-con e-parent\" data-id=\"1cc58a8\" data-element_type=\"container\">\n\t\t\t\t\t<div class=\"e-con-inner\">\n\t\t\t\t<div class=\"elementor-element elementor-element-bd1ab2b elementor-widget elementor-widget-spacer\" data-id=\"bd1ab2b\" data-element_type=\"widget\" data-widget_type=\"spacer.default\">\n\t\t\t\t<div class=\"elementor-widget-container\">\n\t\t\t\t\t<div class=\"elementor-spacer\">\n\t\t\t<div class=\"elementor-spacer-inner\"><\/div>\n\t\t<\/div>\n\t\t\t\t<\/div>\n\t\t\t\t<\/div>\n\t\t\t\t<div class=\"elementor-element elementor-element-7871628 elementor-widget elementor-widget-text-editor\" data-id=\"7871628\" data-element_type=\"widget\" data-widget_type=\"text-editor.default\">\n\t\t\t\t<div class=\"elementor-widget-container\">\n\t\t\t\t\t\t\t<p style=\"text-align: center;\"><span style=\"color: #ffffff;\">\u00a9 2024 Rand-Photography<\/span><\/p>\t\t\t\t\t\t<\/div>\n\t\t\t\t<\/div>\n\t\t\t\t\t<\/div>\n\t\t\t\t<\/div>\n\t\t<div class=\"elementor-element elementor-element-0897eb9 e-flex e-con-boxed e-con e-parent\" data-id=\"0897eb9\" data-element_type=\"container\">\n\t\t\t\t\t<div class=\"e-con-inner\">\n\t\t\t\t\t<\/div>\n\t\t\t\t<\/div>\n\t\t\t\t<\/div>\n\t\t","protected":false},"excerpt":{"rendered":"<p>PORTEF\u00d8LJE PORTR\u00c6TBILLEDER KONFIRMATIONSBILLEDER ERHVERVSOPGAVER \u00a9 2024 Rand-Photography<\/p>\n","protected":false},"author":1,"featured_media":0,"parent":0,"menu_order":0,"comment_status":"closed","ping_status":"closed","template":"elementor_header_footer","meta":{"footnotes":""},"class_list":["post-42","page","type-page","status-publish","hentry"],"yoast_head":"<!-- This site is optimized with the Yoast SEO plugin v22.6 - https:\/\/yoast.com\/wordpress\/plugins\/seo\/ -->\n<title>Portef\u00f8lje - RandPhotography<\/title>\n<meta name=\"description\" content=\"Se et udvalg af: Konfirmationsbilleder, Portr\u00e6tbilleder samt Erhvervsopgaver, som Randphotography har l\u00f8st.\" \/>\n<meta name=\"robots\" content=\"index, follow, max-snippet:-1, max-image-preview:large, max-video-preview:-1\" \/>\n<link rel=\"canonical\" href=\"https:\/\/randphotography.dk\/index.php\/portefoelje\/\" \/>\n<meta property=\"og:locale\" content=\"da_DK\" \/>\n<meta property=\"og:type\" content=\"article\" \/>\n<meta property=\"og:title\" content=\"Portef\u00f8lje - RandPhotography\" \/>\n<meta property=\"og:description\" content=\"Se et udvalg af: Konfirmationsbilleder, Portr\u00e6tbilleder samt Erhvervsopgaver, som Randphotography har l\u00f8st.\" \/>\n<meta property=\"og:url\" content=\"https:\/\/randphotography.dk\/index.php\/portefoelje\/\" \/>\n<meta property=\"og:site_name\" content=\"RandPhotography\" \/>\n<meta property=\"article:modified_time\" content=\"2025-11-29T23:10:32+00:00\" \/>\n<meta property=\"og:image\" content=\"https:\/\/randphotography.dk\/wp-content\/uploads\/elementor\/thumbs\/DSC07826-scaled-e1713963919236-qn6lnq9zxs7f16fwpway288m6twqh1nhfjbnw0p7ak.jpg\" \/>\n<meta name=\"twitter:card\" content=\"summary_large_image\" \/>\n<meta name=\"twitter:label1\" content=\"Estimeret l\u00e6setid\" \/>\n\t<meta name=\"twitter:data1\" content=\"1 minut\" \/>\n<script type=\"application\/ld+json\" class=\"yoast-schema-graph\">{\"@context\":\"https:\/\/schema.org\",\"@graph\":[{\"@type\":\"WebPage\",\"@id\":\"https:\/\/randphotography.dk\/index.php\/portefoelje\/\",\"url\":\"https:\/\/randphotography.dk\/index.php\/portefoelje\/\",\"name\":\"Portef\u00f8lje - RandPhotography\",\"isPartOf\":{\"@id\":\"https:\/\/randphotography.dk\/#website\"},\"primaryImageOfPage\":{\"@id\":\"https:\/\/randphotography.dk\/index.php\/portefoelje\/#primaryimage\"},\"image\":{\"@id\":\"https:\/\/randphotography.dk\/index.php\/portefoelje\/#primaryimage\"},\"thumbnailUrl\":\"https:\/\/randphotography.dk\/wp-content\/uploads\/elementor\/thumbs\/DSC07826-scaled-e1713963919236-qn6lnq9zxs7f16fwpway288m6twqh1nhfjbnw0p7ak.jpg\",\"datePublished\":\"2024-04-24T08:27:54+00:00\",\"dateModified\":\"2025-11-29T23:10:32+00:00\",\"description\":\"Se et udvalg af: Konfirmationsbilleder, Portr\u00e6tbilleder samt Erhvervsopgaver, som Randphotography har l\u00f8st.\",\"breadcrumb\":{\"@id\":\"https:\/\/randphotography.dk\/index.php\/portefoelje\/#breadcrumb\"},\"inLanguage\":\"da-DK\",\"potentialAction\":[{\"@type\":\"ReadAction\",\"target\":[\"https:\/\/randphotography.dk\/index.php\/portefoelje\/\"]}]},{\"@type\":\"ImageObject\",\"inLanguage\":\"da-DK\",\"@id\":\"https:\/\/randphotography.dk\/index.php\/portefoelje\/#primaryimage\",\"url\":\"https:\/\/randphotography.dk\/wp-content\/uploads\/elementor\/thumbs\/DSC07826-scaled-e1713963919236-qn6lnq9zxs7f16fwpway288m6twqh1nhfjbnw0p7ak.jpg\",\"contentUrl\":\"https:\/\/randphotography.dk\/wp-content\/uploads\/elementor\/thumbs\/DSC07826-scaled-e1713963919236-qn6lnq9zxs7f16fwpway288m6twqh1nhfjbnw0p7ak.jpg\"},{\"@type\":\"BreadcrumbList\",\"@id\":\"https:\/\/randphotography.dk\/index.php\/portefoelje\/#breadcrumb\",\"itemListElement\":[{\"@type\":\"ListItem\",\"position\":1,\"name\":\"Hjem\",\"item\":\"https:\/\/randphotography.dk\/\"},{\"@type\":\"ListItem\",\"position\":2,\"name\":\"Portef\u00f8lje\"}]},{\"@type\":\"WebSite\",\"@id\":\"https:\/\/randphotography.dk\/#website\",\"url\":\"https:\/\/randphotography.dk\/\",\"name\":\"Rand-Photography\",\"description\":\"\",\"publisher\":{\"@id\":\"https:\/\/randphotography.dk\/#organization\"},\"potentialAction\":[{\"@type\":\"SearchAction\",\"target\":{\"@type\":\"EntryPoint\",\"urlTemplate\":\"https:\/\/randphotography.dk\/?s={search_term_string}\"},\"query-input\":\"required name=search_term_string\"}],\"inLanguage\":\"da-DK\"},{\"@type\":\"Organization\",\"@id\":\"https:\/\/randphotography.dk\/#organization\",\"name\":\"Rand-Photography\",\"url\":\"https:\/\/randphotography.dk\/\",\"logo\":{\"@type\":\"ImageObject\",\"inLanguage\":\"da-DK\",\"@id\":\"https:\/\/randphotography.dk\/#\/schema\/logo\/image\/\",\"url\":\"https:\/\/randphotography.dk\/wp-content\/uploads\/2024\/04\/watermark-GULD.png\",\"contentUrl\":\"https:\/\/randphotography.dk\/wp-content\/uploads\/2024\/04\/watermark-GULD.png\",\"width\":3821,\"height\":3863,\"caption\":\"Rand-Photography\"},\"image\":{\"@id\":\"https:\/\/randphotography.dk\/#\/schema\/logo\/image\/\"}}]}<\/script>\n<!-- \/ Yoast SEO plugin. -->","yoast_head_json":{"title":"Portef\u00f8lje - RandPhotography","description":"Se et udvalg af: Konfirmationsbilleder, Portr\u00e6tbilleder samt Erhvervsopgaver, som Randphotography har l\u00f8st.","robots":{"index":"index","follow":"follow","max-snippet":"max-snippet:-1","max-image-preview":"max-image-preview:large","max-video-preview":"max-video-preview:-1"},"canonical":"https:\/\/randphotography.dk\/index.php\/portefoelje\/","og_locale":"da_DK","og_type":"article","og_title":"Portef\u00f8lje - RandPhotography","og_description":"Se et udvalg af: Konfirmationsbilleder, Portr\u00e6tbilleder samt Erhvervsopgaver, som Randphotography har l\u00f8st.","og_url":"https:\/\/randphotography.dk\/index.php\/portefoelje\/","og_site_name":"RandPhotography","article_modified_time":"2025-11-29T23:10:32+00:00","og_image":[{"url":"https:\/\/randphotography.dk\/wp-content\/uploads\/elementor\/thumbs\/DSC07826-scaled-e1713963919236-qn6lnq9zxs7f16fwpway288m6twqh1nhfjbnw0p7ak.jpg"}],"twitter_card":"summary_large_image","twitter_misc":{"Estimeret l\u00e6setid":"1 minut"},"schema":{"@context":"https:\/\/schema.org","@graph":[{"@type":"WebPage","@id":"https:\/\/randphotography.dk\/index.php\/portefoelje\/","url":"https:\/\/randphotography.dk\/index.php\/portefoelje\/","name":"Portef\u00f8lje - RandPhotography","isPartOf":{"@id":"https:\/\/randphotography.dk\/#website"},"primaryImageOfPage":{"@id":"https:\/\/randphotography.dk\/index.php\/portefoelje\/#primaryimage"},"image":{"@id":"https:\/\/randphotography.dk\/index.php\/portefoelje\/#primaryimage"},"thumbnailUrl":"https:\/\/randphotography.dk\/wp-content\/uploads\/elementor\/thumbs\/DSC07826-scaled-e1713963919236-qn6lnq9zxs7f16fwpway288m6twqh1nhfjbnw0p7ak.jpg","datePublished":"2024-04-24T08:27:54+00:00","dateModified":"2025-11-29T23:10:32+00:00","description":"Se et udvalg af: Konfirmationsbilleder, Portr\u00e6tbilleder samt Erhvervsopgaver, som Randphotography har l\u00f8st.","breadcrumb":{"@id":"https:\/\/randphotography.dk\/index.php\/portefoelje\/#breadcrumb"},"inLanguage":"da-DK","potentialAction":[{"@type":"ReadAction","target":["https:\/\/randphotography.dk\/index.php\/portefoelje\/"]}]},{"@type":"ImageObject","inLanguage":"da-DK","@id":"https:\/\/randphotography.dk\/index.php\/portefoelje\/#primaryimage","url":"https:\/\/randphotography.dk\/wp-content\/uploads\/elementor\/thumbs\/DSC07826-scaled-e1713963919236-qn6lnq9zxs7f16fwpway288m6twqh1nhfjbnw0p7ak.jpg","contentUrl":"https:\/\/randphotography.dk\/wp-content\/uploads\/elementor\/thumbs\/DSC07826-scaled-e1713963919236-qn6lnq9zxs7f16fwpway288m6twqh1nhfjbnw0p7ak.jpg"},{"@type":"BreadcrumbList","@id":"https:\/\/randphotography.dk\/index.php\/portefoelje\/#breadcrumb","itemListElement":[{"@type":"ListItem","position":1,"name":"Hjem","item":"https:\/\/randphotography.dk\/"},{"@type":"ListItem","position":2,"name":"Portef\u00f8lje"}]},{"@type":"WebSite","@id":"https:\/\/randphotography.dk\/#website","url":"https:\/\/randphotography.dk\/","name":"Rand-Photography","description":"","publisher":{"@id":"https:\/\/randphotography.dk\/#organization"},"potentialAction":[{"@type":"SearchAction","target":{"@type":"EntryPoint","urlTemplate":"https:\/\/randphotography.dk\/?s={search_term_string}"},"query-input":"required name=search_term_string"}],"inLanguage":"da-DK"},{"@type":"Organization","@id":"https:\/\/randphotography.dk\/#organization","name":"Rand-Photography","url":"https:\/\/randphotography.dk\/","logo":{"@type":"ImageObject","inLanguage":"da-DK","@id":"https:\/\/randphotography.dk\/#\/schema\/logo\/image\/","url":"https:\/\/randphotography.dk\/wp-content\/uploads\/2024\/04\/watermark-GULD.png","contentUrl":"https:\/\/randphotography.dk\/wp-content\/uploads\/2024\/04\/watermark-GULD.png","width":3821,"height":3863,"caption":"Rand-Photography"},"image":{"@id":"https:\/\/randphotography.dk\/#\/schema\/logo\/image\/"}}]}},"_links":{"self":[{"href":"https:\/\/randphotography.dk\/index.php\/wp-json\/wp\/v2\/pages\/42","targetHints":{"allow":["GET"]}}],"collection":[{"href":"https:\/\/randphotography.dk\/index.php\/wp-json\/wp\/v2\/pages"}],"about":[{"href":"https:\/\/randphotography.dk\/index.php\/wp-json\/wp\/v2\/types\/page"}],"author":[{"embeddable":true,"href":"https:\/\/randphotography.dk\/index.php\/wp-json\/wp\/v2\/users\/1"}],"replies":[{"embeddable":true,"href":"https:\/\/randphotography.dk\/index.php\/wp-json\/wp\/v2\/comments?post=42"}],"version-history":[{"count":43,"href":"https:\/\/randphotography.dk\/index.php\/wp-json\/wp\/v2\/pages\/42\/revisions"}],"predecessor-version":[{"id":593,"href":"https:\/\/randphotography.dk\/index.php\/wp-json\/wp\/v2\/pages\/42\/revisions\/593"}],"wp:attachment":[{"href":"https:\/\/randphotography.dk\/index.php\/wp-json\/wp\/v2\/media?parent=42"}],"curies":[{"name":"wp","href":"https:\/\/api.w.org\/{rel}","templated":true}]}}