{"id":233,"date":"2024-04-24T11:03:36","date_gmt":"2024-04-24T11:03:36","guid":{"rendered":"http:\/\/142.132.203.237\/~randphot\/nyside\/?page_id=233"},"modified":"2025-11-29T23:11:27","modified_gmt":"2025-11-29T23:11:27","slug":"priser","status":"publish","type":"page","link":"https:\/\/randphotography.dk\/index.php\/priser\/","title":{"rendered":"Priser"},"content":{"rendered":"\t\t<div data-elementor-type=\"wp-page\" data-elementor-id=\"233\" class=\"elementor elementor-233\">\n\t\t\t\t<div class=\"elementor-element elementor-element-1cbe418 e-flex e-con-boxed e-con e-parent\" data-id=\"1cbe418\" data-element_type=\"container\">\n\t\t\t\t\t<div class=\"e-con-inner\">\n\t\t\t\t\t<\/div>\n\t\t\t\t<\/div>\n\t\t<div class=\"elementor-element elementor-element-d9c299c e-flex e-con-boxed e-con e-parent\" data-id=\"d9c299c\" data-element_type=\"container\">\n\t\t\t\t\t<div class=\"e-con-inner\">\n\t\t\t\t<div class=\"elementor-element elementor-element-5669573 elementor-widget elementor-widget-spacer\" data-id=\"5669573\" data-element_type=\"widget\" data-widget_type=\"spacer.default\">\n\t\t\t\t<div class=\"elementor-widget-container\">\n\t\t\t<style>\/*! elementor - v3.21.0 - 30-04-2024 *\/\n.elementor-column .elementor-spacer-inner{height:var(--spacer-size)}.e-con{--container-widget-width:100%}.e-con-inner>.elementor-widget-spacer,.e-con>.elementor-widget-spacer{width:var(--container-widget-width,var(--spacer-size));--align-self:var(--container-widget-align-self,initial);--flex-shrink:0}.e-con-inner>.elementor-widget-spacer>.elementor-widget-container,.e-con>.elementor-widget-spacer>.elementor-widget-container{height:100%;width:100%}.e-con-inner>.elementor-widget-spacer>.elementor-widget-container>.elementor-spacer,.e-con>.elementor-widget-spacer>.elementor-widget-container>.elementor-spacer{height:100%}.e-con-inner>.elementor-widget-spacer>.elementor-widget-container>.elementor-spacer>.elementor-spacer-inner,.e-con>.elementor-widget-spacer>.elementor-widget-container>.elementor-spacer>.elementor-spacer-inner{height:var(--container-widget-height,var(--spacer-size))}.e-con-inner>.elementor-widget-spacer.elementor-widget-empty,.e-con>.elementor-widget-spacer.elementor-widget-empty{position:relative;min-height:22px;min-width:22px}.e-con-inner>.elementor-widget-spacer.elementor-widget-empty .elementor-widget-empty-icon,.e-con>.elementor-widget-spacer.elementor-widget-empty .elementor-widget-empty-icon{position:absolute;top:0;bottom:0;left:0;right:0;margin:auto;padding:0;width:22px;height:22px}<\/style>\t\t<div class=\"elementor-spacer\">\n\t\t\t<div class=\"elementor-spacer-inner\"><\/div>\n\t\t<\/div>\n\t\t\t\t<\/div>\n\t\t\t\t<\/div>\n\t\t\t\t\t<\/div>\n\t\t\t\t<\/div>\n\t\t<div class=\"elementor-element elementor-element-7bae0f6 e-flex e-con-boxed e-con e-parent\" data-id=\"7bae0f6\" data-element_type=\"container\">\n\t\t\t\t\t<div class=\"e-con-inner\">\n\t\t\t\t<div class=\"elementor-element elementor-element-83988fb elementor-widget__width-initial elementor-absolute elementor-widget elementor-widget-text-editor\" data-id=\"83988fb\" data-element_type=\"widget\" data-settings=\"{&quot;_position&quot;:&quot;absolute&quot;}\" data-widget_type=\"text-editor.default\">\n\t\t\t\t<div class=\"elementor-widget-container\">\n\t\t\t<style>\/*! elementor - v3.21.0 - 30-04-2024 *\/\n.elementor-widget-text-editor.elementor-drop-cap-view-stacked .elementor-drop-cap{background-color:#69727d;color:#fff}.elementor-widget-text-editor.elementor-drop-cap-view-framed .elementor-drop-cap{color:#69727d;border:3px solid;background-color:transparent}.elementor-widget-text-editor:not(.elementor-drop-cap-view-default) .elementor-drop-cap{margin-top:8px}.elementor-widget-text-editor:not(.elementor-drop-cap-view-default) .elementor-drop-cap-letter{width:1em;height:1em}.elementor-widget-text-editor .elementor-drop-cap{float:left;text-align:center;line-height:1;font-size:50px}.elementor-widget-text-editor .elementor-drop-cap-letter{display:inline-block}<\/style>\t\t\t\t<p class=\"ql-align-center ca-headings-ByWE1g animatable animatable--large-title animatable--animated animatable--finished\"><b>Portr\u00e6tbilleder<br \/>\u00a0 \u00a0 \u00a0 \u00a0 \u00a0Kr. 645,-<\/b><\/p>\t\t\t\t\t\t<\/div>\n\t\t\t\t<\/div>\n\t\t\t\t\t<\/div>\n\t\t\t\t<\/div>\n\t\t<div class=\"elementor-element elementor-element-f41397f e-grid e-con-boxed e-con e-parent\" data-id=\"f41397f\" data-element_type=\"container\">\n\t\t\t\t\t<div class=\"e-con-inner\">\n\t\t\t\t<div class=\"elementor-element elementor-element-8e3721c elementor-widget elementor-widget-image\" data-id=\"8e3721c\" data-element_type=\"widget\" data-widget_type=\"image.default\">\n\t\t\t\t<div class=\"elementor-widget-container\">\n\t\t\t<style>\/*! elementor - v3.21.0 - 30-04-2024 *\/\n.elementor-widget-image{text-align:center}.elementor-widget-image a{display:inline-block}.elementor-widget-image a img[src$=\".svg\"]{width:48px}.elementor-widget-image img{vertical-align:middle;display:inline-block}<\/style>\t\t\t\t\t\t\t\t\t\t<img decoding=\"async\" src=\"https:\/\/randphotography.dk\/wp-content\/uploads\/elementor\/thumbs\/DSC07826-scaled-e1713963919236-qn6lnq9zxs7f16fwpway288m6twqh1nhfjbnw0p7ak.jpg\" title=\"DSC07826\" alt=\"DSC07826\" loading=\"lazy\" \/>\t\t\t\t\t\t\t\t\t\t\t\t\t<\/div>\n\t\t\t\t<\/div>\n\t\t\t\t<div class=\"elementor-element elementor-element-4bc3ed5 elementor-widget__width-initial elementor-widget elementor-widget-text-editor\" data-id=\"4bc3ed5\" data-element_type=\"widget\" data-widget_type=\"text-editor.default\">\n\t\t\t\t<div class=\"elementor-widget-container\">\n\t\t\t\t\t\t\t<h5 style=\"text-align: center;\"><strong>Portr\u00e6tbilleder:<\/strong><\/h5><h5 style=\"text-align: center;\"><strong>Kr. 645,-<\/strong><\/h5><h5><strong>Prisen inkluderer:<\/strong><\/h5><p>&#8211; 1 times fotografering p\u00e5 lokation<\/p><p>&#8211; Digital tilsendelse og redigering af op til 8 valgfrie billeder fra shoot<\/p><p>&#8211; Mulighed for tilk\u00f8b af ekstra billeder (Kr. 50,- pr. stk.)<\/p>\t\t\t\t\t\t<\/div>\n\t\t\t\t<\/div>\n\t\t\t\t\t<\/div>\n\t\t\t\t<\/div>\n\t\t<div class=\"elementor-element elementor-element-827b89d e-grid e-con-boxed e-con e-parent\" data-id=\"827b89d\" data-element_type=\"container\">\n\t\t\t\t\t<div class=\"e-con-inner\">\n\t\t\t\t<div class=\"elementor-element elementor-element-639c1ae elementor-widget elementor-widget-image\" data-id=\"639c1ae\" data-element_type=\"widget\" data-widget_type=\"image.default\">\n\t\t\t\t<div class=\"elementor-widget-container\">\n\t\t\t\t\t\t\t\t\t\t\t\t\t<img decoding=\"async\" src=\"https:\/\/randphotography.dk\/wp-content\/uploads\/elementor\/thumbs\/KONF-VICT-91-scaled-e1714312914666-qndms02jzg7wh8cwg869ga19yiohojqnx3g8irud64.jpg\" title=\"KONF-VICT-91\" alt=\"Konfirmationsbillede\" loading=\"lazy\" \/>\t\t\t\t\t\t\t\t\t\t\t\t\t<\/div>\n\t\t\t\t<\/div>\n\t\t\t\t<div class=\"elementor-element elementor-element-ac55629 elementor-widget__width-initial elementor-widget elementor-widget-text-editor\" data-id=\"ac55629\" data-element_type=\"widget\" data-widget_type=\"text-editor.default\">\n\t\t\t\t<div class=\"elementor-widget-container\">\n\t\t\t\t\t\t\t<h5 style=\"text-align: center;\"><strong>Konfirmationspakke A:<\/strong><\/h5>\n<h5 style=\"text-align: center;\"><strong>&nbsp;Kr. 895,-<\/strong><\/h5>\n<h5><strong>Prisen inkluderer:<\/strong><\/h5>\n<p>&#8211; Op til 1 times fotografering<\/p>\n<p>&#8211; Digital tilsendelse og redigering af op til 10 valgfrie billeder fra shoot<\/p>\n<p>&#8211; Mulighed for tilk\u00f8b af ekstra billeder (Kr. 50,- pr. stk.)<\/p>\t\t\t\t\t\t<\/div>\n\t\t\t\t<\/div>\n\t\t\t\t\t<\/div>\n\t\t\t\t<\/div>\n\t\t<div class=\"elementor-element elementor-element-b04dad8 e-grid e-con-boxed e-con e-parent\" data-id=\"b04dad8\" data-element_type=\"container\">\n\t\t\t\t\t<div class=\"e-con-inner\">\n\t\t\t\t<div class=\"elementor-element elementor-element-e93e868 elementor-widget elementor-widget-image\" data-id=\"e93e868\" data-element_type=\"widget\" data-widget_type=\"image.default\">\n\t\t\t\t<div class=\"elementor-widget-container\">\n\t\t\t\t\t\t\t\t\t\t\t\t\t<img decoding=\"async\" src=\"https:\/\/randphotography.dk\/wp-content\/uploads\/elementor\/thumbs\/Valdemar-55-scaled-e1713964226837-qn6lvqug7x6g1gsqwv1etpf4k4ef44h2v7lq7ytc8c.jpg\" title=\"Valdemar-55\" alt=\"Konfirmationsbillede af dreng\" loading=\"lazy\" \/>\t\t\t\t\t\t\t\t\t\t\t\t\t<\/div>\n\t\t\t\t<\/div>\n\t\t\t\t<div class=\"elementor-element elementor-element-aeec15e elementor-widget__width-initial elementor-widget elementor-widget-text-editor\" data-id=\"aeec15e\" data-element_type=\"widget\" data-widget_type=\"text-editor.default\">\n\t\t\t\t<div class=\"elementor-widget-container\">\n\t\t\t\t\t\t\t<h5 style=\"text-align: center;\"><strong>Konfirmationspakke B:<\/strong><\/h5><h5 style=\"text-align: center;\"><strong>\u00a0Kr. 1.095,-<\/strong><\/h5><h5><strong>Prisen inkluderer:<\/strong><\/h5><p>&#8211; Op til 2 timers fotografering<\/p><p>&#8211; Digital tilsendelse og redigering af op til 15 valgfrie billeder fra shoot<\/p><p>&#8211; Mulighed for tilk\u00f8b af ekstra billeder (Kr. 50,- pr. stk.)<\/p>\t\t\t\t\t\t<\/div>\n\t\t\t\t<\/div>\n\t\t\t\t\t<\/div>\n\t\t\t\t<\/div>\n\t\t<div class=\"elementor-element elementor-element-f78d275 e-grid e-con-boxed e-con e-parent\" data-id=\"f78d275\" data-element_type=\"container\">\n\t\t\t\t\t<div class=\"e-con-inner\">\n\t\t\t\t<div class=\"elementor-element elementor-element-953e092 elementor-widget elementor-widget-image\" data-id=\"953e092\" data-element_type=\"widget\" data-widget_type=\"image.default\">\n\t\t\t\t<div class=\"elementor-widget-container\">\n\t\t\t\t\t\t\t\t\t\t\t\t\t<img decoding=\"async\" src=\"https:\/\/randphotography.dk\/wp-content\/uploads\/elementor\/thumbs\/KONF-VICT-71-scaled-e1714312924478-qndms9gxvskrpbz8xc8j57nvwde5tirzadz3bjgffw.jpg\" title=\"KONF-VICT-71\" alt=\"Konfirmationsbillede\" loading=\"lazy\" \/>\t\t\t\t\t\t\t\t\t\t\t\t\t<\/div>\n\t\t\t\t<\/div>\n\t\t\t\t<div class=\"elementor-element elementor-element-09d93eb elementor-widget__width-initial elementor-widget elementor-widget-text-editor\" data-id=\"09d93eb\" data-element_type=\"widget\" data-widget_type=\"text-editor.default\">\n\t\t\t\t<div class=\"elementor-widget-container\">\n\t\t\t\t\t\t\t<h5 style=\"text-align: center;\"><strong>Konfirmationspakke C:<\/strong><\/h5><h5 style=\"text-align: center;\"><strong>\u00a0Kr. 1.795,-<\/strong><\/h5><h5><strong>Prisen inkluderer:<\/strong><\/h5><p>&#8211; Op til 3 timers fotografering<\/p><p>&#8211; Digital tilsendelse og redigering af op til 30 valgfrie billeder fra shoot<\/p><p>&#8211; Mulighed for tilk\u00f8b af ekstra billeder (Kr. 50,- pr. stk.)<\/p>\t\t\t\t\t\t<\/div>\n\t\t\t\t<\/div>\n\t\t\t\t\t<\/div>\n\t\t\t\t<\/div>\n\t\t<div class=\"elementor-element elementor-element-b084a68 e-grid e-con-boxed e-con e-parent\" data-id=\"b084a68\" data-element_type=\"container\">\n\t\t\t\t\t<div class=\"e-con-inner\">\n\t\t\t\t<div class=\"elementor-element elementor-element-2742948 elementor-widget elementor-widget-image\" data-id=\"2742948\" data-element_type=\"widget\" data-widget_type=\"image.default\">\n\t\t\t\t<div class=\"elementor-widget-container\">\n\t\t\t\t\t\t\t\t\t\t\t\t\t<img decoding=\"async\" src=\"https:\/\/randphotography.dk\/wp-content\/uploads\/elementor\/thumbs\/FAMILIE-11-scaled-qn6jg9z48xfvnruno1x7ss0yjbisu38a6a54j0i78s.jpg\" title=\"FAMILIE-11\" alt=\"FAMILIE-11\" loading=\"lazy\" \/>\t\t\t\t\t\t\t\t\t\t\t\t\t<\/div>\n\t\t\t\t<\/div>\n\t\t\t\t<div class=\"elementor-element elementor-element-8858623 elementor-widget__width-initial elementor-widget elementor-widget-text-editor\" data-id=\"8858623\" data-element_type=\"widget\" data-widget_type=\"text-editor.default\">\n\t\t\t\t<div class=\"elementor-widget-container\">\n\t\t\t\t\t\t\t<h5 style=\"text-align: center;\"><strong><span style=\"color: inherit; font-family: inherit; font-size: 1.25rem; font-style: var( --e-global-typography-text-font-style ); letter-spacing: var( --e-global-typography-text-letter-spacing ); text-transform: var( --e-global-typography-text-text-transform );\">Gruppebilleder<\/span><\/strong><\/h5><h5 style=\"text-align: center;\"><strong><span style=\"color: inherit; font-family: inherit; font-size: 1.25rem; font-style: var( --e-global-typography-text-font-style ); letter-spacing: var( --e-global-typography-text-letter-spacing ); text-transform: var( --e-global-typography-text-text-transform );\">Kr. 645,-<\/span><\/strong><\/h5><h5><strong>Prisen inkluderer:<\/strong><\/h5><p>&#8211; 1 times fotografering p\u00e5 lokation af op til 4 personer<\/p><p>&#8211; Digital tilsendelse og redigering af op til 8 valgfrie billeder fra shoot<\/p><p>&#8211; Mulighed for tilk\u00f8b af ekstra billeder (Kr. 50,- pr. stk.)<\/p>\t\t\t\t\t\t<\/div>\n\t\t\t\t<\/div>\n\t\t\t\t\t<\/div>\n\t\t\t\t<\/div>\n\t\t<div class=\"elementor-element elementor-element-6079675 e-grid e-con-boxed e-con e-parent\" data-id=\"6079675\" data-element_type=\"container\">\n\t\t\t\t\t<div class=\"e-con-inner\">\n\t\t\t\t<div class=\"elementor-element elementor-element-526d26e elementor-widget elementor-widget-image\" data-id=\"526d26e\" data-element_type=\"widget\" data-widget_type=\"image.default\">\n\t\t\t\t<div class=\"elementor-widget-container\">\n\t\t\t\t\t\t\t\t\t\t\t\t\t<img decoding=\"async\" src=\"https:\/\/randphotography.dk\/wp-content\/uploads\/elementor\/thumbs\/question-mark_2753-qn6jhudfmzl30dkqiqatydsm6fstnxg6e1a9bm6kvg.png\" title=\"question-mark_2753\" alt=\"question-mark_2753\" loading=\"lazy\" \/>\t\t\t\t\t\t\t\t\t\t\t\t\t<\/div>\n\t\t\t\t<\/div>\n\t\t\t\t<div class=\"elementor-element elementor-element-34cc260 elementor-widget__width-initial elementor-widget elementor-widget-text-editor\" data-id=\"34cc260\" data-element_type=\"widget\" data-widget_type=\"text-editor.default\">\n\t\t\t\t<div class=\"elementor-widget-container\">\n\t\t\t\t\t\t\t<h5 style=\"text-align: center;\"><strong>Anden Opgave?<\/strong><\/h5><p style=\"text-align: center;\">Ved foresp\u00f8rgsel om l\u00f8sning af andre opgaver, kan jeg uforpligtende kontaktes pr. mail eller telefonisk.<\/p><p style=\"text-align: center;\"><strong><a href=\"https:\/\/randphotography.dk\/index.php\/contact-us\/\"><span style=\"color: #ffff00;\">Kontakt mig her<\/span><\/a><\/strong><\/p>\t\t\t\t\t\t<\/div>\n\t\t\t\t<\/div>\n\t\t\t\t\t<\/div>\n\t\t\t\t<\/div>\n\t\t<div class=\"elementor-element elementor-element-bf19774 e-grid e-con-boxed e-con e-parent\" data-id=\"bf19774\" data-element_type=\"container\">\n\t\t\t\t\t<div class=\"e-con-inner\">\n\t\t\t\t<div class=\"elementor-element elementor-element-cc5fa31 elementor-widget elementor-widget-image\" data-id=\"cc5fa31\" data-element_type=\"widget\" data-widget_type=\"image.default\">\n\t\t\t\t<div class=\"elementor-widget-container\">\n\t\t\t\t\t\t\t\t\t\t\t\t\t<img decoding=\"async\" src=\"https:\/\/randphotography.dk\/wp-content\/uploads\/elementor\/thumbs\/Salon_Mig_Tid-28-scaled-qn6aq1jhhta0cqalkq26qkohb2ccksqpayshtwf9d8.jpg\" title=\"Salon_Mig_Tid-28\" alt=\"Salon Mig Tid\" loading=\"lazy\" \/>\t\t\t\t\t\t\t\t\t\t\t\t\t<\/div>\n\t\t\t\t<\/div>\n\t\t\t\t<div class=\"elementor-element elementor-element-7ad5b1a elementor-widget__width-initial elementor-widget elementor-widget-text-editor\" data-id=\"7ad5b1a\" data-element_type=\"widget\" data-widget_type=\"text-editor.default\">\n\t\t\t\t<div class=\"elementor-widget-container\">\n\t\t\t\t\t\t\t<h5 style=\"text-align: center;\"><b>Erhvervsopgaver<\/b><\/h5>\n<p style=\"text-align: center;\">St\u00e5r din virksomhed overfor en fotografisk opgave? Kontakt Randphotography uforpligtende pr. mail eller telefonisk allerede i dag!<\/p>\n<p><\/p>\n<p style=\"text-align: center;\"><a href=\"https:\/\/randphotography.dk\/index.php\/contact-us\/\"><span style=\"color: #ffff00;\"><b>Kontakt mig her<\/b><\/span><\/a><\/p>\t\t\t\t\t\t<\/div>\n\t\t\t\t<\/div>\n\t\t\t\t\t<\/div>\n\t\t\t\t<\/div>\n\t\t<div class=\"elementor-element elementor-element-a7d1cb2 e-flex e-con-boxed e-con e-parent\" data-id=\"a7d1cb2\" data-element_type=\"container\">\n\t\t\t\t\t<div class=\"e-con-inner\">\n\t\t\t\t<div class=\"elementor-element elementor-element-ff00484 elementor-widget elementor-widget-spacer\" data-id=\"ff00484\" data-element_type=\"widget\" data-widget_type=\"spacer.default\">\n\t\t\t\t<div class=\"elementor-widget-container\">\n\t\t\t\t\t<div class=\"elementor-spacer\">\n\t\t\t<div class=\"elementor-spacer-inner\"><\/div>\n\t\t<\/div>\n\t\t\t\t<\/div>\n\t\t\t\t<\/div>\n\t\t\t\t\t<\/div>\n\t\t\t\t<\/div>\n\t\t<div class=\"elementor-element elementor-element-59d682f e-flex e-con-boxed e-con e-parent\" data-id=\"59d682f\" data-element_type=\"container\">\n\t\t\t\t\t<div class=\"e-con-inner\">\n\t\t\t\t<div class=\"elementor-element elementor-element-7955d7f elementor-widget elementor-widget-text-editor\" data-id=\"7955d7f\" data-element_type=\"widget\" data-widget_type=\"text-editor.default\">\n\t\t\t\t<div class=\"elementor-widget-container\">\n\t\t\t\t\t\t\t<p style=\"text-align: center;\"><span style=\"color: #ffffff;\">\u00a9 2024 Rand-Photography<\/span><\/p>\t\t\t\t\t\t<\/div>\n\t\t\t\t<\/div>\n\t\t\t\t\t<\/div>\n\t\t\t\t<\/div>\n\t\t\t\t<\/div>\n\t\t","protected":false},"excerpt":{"rendered":"<p>Portr\u00e6tbilleder\u00a0 \u00a0 \u00a0 \u00a0 \u00a0Kr. 645,- Portr\u00e6tbilleder: Kr. 645,- Prisen inkluderer: &#8211; 1 times fotografering p\u00e5 lokation &#8211; Digital tilsendelse og redigering af op til 8 valgfrie billeder fra shoot &#8211; Mulighed for tilk\u00f8b af ekstra billeder (Kr. 50,- pr. stk.) Konfirmationspakke A: &nbsp;Kr. 895,- Prisen inkluderer: &#8211; Op til 1 times fotografering &#8211; Digital [&hellip;]<\/p>\n","protected":false},"author":1,"featured_media":0,"parent":0,"menu_order":0,"comment_status":"closed","ping_status":"closed","template":"","meta":{"footnotes":""},"class_list":["post-233","page","type-page","status-publish","hentry"],"yoast_head":"<!-- This site is optimized with the Yoast SEO plugin v22.6 - https:\/\/yoast.com\/wordpress\/plugins\/seo\/ -->\n<title>Priser - RandPhotography<\/title>\n<meta name=\"description\" content=\"Jeg tilbyder fotografering til overkommelige priser. P\u00e5 den m\u00e5de kan du blive tilfreds med b\u00e5de produktet og prisen.\" \/>\n<meta name=\"robots\" content=\"index, follow, max-snippet:-1, max-image-preview:large, max-video-preview:-1\" \/>\n<link rel=\"canonical\" href=\"https:\/\/randphotography.dk\/index.php\/priser\/\" \/>\n<meta property=\"og:locale\" content=\"da_DK\" \/>\n<meta property=\"og:type\" content=\"article\" \/>\n<meta property=\"og:title\" content=\"Priser - RandPhotography\" \/>\n<meta property=\"og:description\" content=\"Jeg tilbyder fotografering til overkommelige priser. P\u00e5 den m\u00e5de kan du blive tilfreds med b\u00e5de produktet og prisen.\" \/>\n<meta property=\"og:url\" content=\"https:\/\/randphotography.dk\/index.php\/priser\/\" \/>\n<meta property=\"og:site_name\" content=\"RandPhotography\" \/>\n<meta property=\"article:modified_time\" content=\"2025-11-29T23:11:27+00:00\" \/>\n<meta property=\"og:image\" content=\"https:\/\/randphotography.dk\/wp-content\/uploads\/elementor\/thumbs\/DSC07826-scaled-e1713963919236-qn6lnq9zxs7f16fwpway288m6twqh1nhfjbnw0p7ak.jpg\" \/>\n<meta name=\"twitter:card\" content=\"summary_large_image\" \/>\n<meta name=\"twitter:label1\" content=\"Estimeret l\u00e6setid\" \/>\n\t<meta name=\"twitter:data1\" content=\"3 minutter\" \/>\n<script type=\"application\/ld+json\" class=\"yoast-schema-graph\">{\"@context\":\"https:\/\/schema.org\",\"@graph\":[{\"@type\":\"WebPage\",\"@id\":\"https:\/\/randphotography.dk\/index.php\/priser\/\",\"url\":\"https:\/\/randphotography.dk\/index.php\/priser\/\",\"name\":\"Priser - RandPhotography\",\"isPartOf\":{\"@id\":\"https:\/\/randphotography.dk\/#website\"},\"primaryImageOfPage\":{\"@id\":\"https:\/\/randphotography.dk\/index.php\/priser\/#primaryimage\"},\"image\":{\"@id\":\"https:\/\/randphotography.dk\/index.php\/priser\/#primaryimage\"},\"thumbnailUrl\":\"https:\/\/randphotography.dk\/wp-content\/uploads\/elementor\/thumbs\/DSC07826-scaled-e1713963919236-qn6lnq9zxs7f16fwpway288m6twqh1nhfjbnw0p7ak.jpg\",\"datePublished\":\"2024-04-24T11:03:36+00:00\",\"dateModified\":\"2025-11-29T23:11:27+00:00\",\"description\":\"Jeg tilbyder fotografering til overkommelige priser. P\u00e5 den m\u00e5de kan du blive tilfreds med b\u00e5de produktet og prisen.\",\"breadcrumb\":{\"@id\":\"https:\/\/randphotography.dk\/index.php\/priser\/#breadcrumb\"},\"inLanguage\":\"da-DK\",\"potentialAction\":[{\"@type\":\"ReadAction\",\"target\":[\"https:\/\/randphotography.dk\/index.php\/priser\/\"]}]},{\"@type\":\"ImageObject\",\"inLanguage\":\"da-DK\",\"@id\":\"https:\/\/randphotography.dk\/index.php\/priser\/#primaryimage\",\"url\":\"https:\/\/randphotography.dk\/wp-content\/uploads\/elementor\/thumbs\/DSC07826-scaled-e1713963919236-qn6lnq9zxs7f16fwpway288m6twqh1nhfjbnw0p7ak.jpg\",\"contentUrl\":\"https:\/\/randphotography.dk\/wp-content\/uploads\/elementor\/thumbs\/DSC07826-scaled-e1713963919236-qn6lnq9zxs7f16fwpway288m6twqh1nhfjbnw0p7ak.jpg\"},{\"@type\":\"BreadcrumbList\",\"@id\":\"https:\/\/randphotography.dk\/index.php\/priser\/#breadcrumb\",\"itemListElement\":[{\"@type\":\"ListItem\",\"position\":1,\"name\":\"Hjem\",\"item\":\"https:\/\/randphotography.dk\/\"},{\"@type\":\"ListItem\",\"position\":2,\"name\":\"Priser\"}]},{\"@type\":\"WebSite\",\"@id\":\"https:\/\/randphotography.dk\/#website\",\"url\":\"https:\/\/randphotography.dk\/\",\"name\":\"Rand-Photography\",\"description\":\"\",\"publisher\":{\"@id\":\"https:\/\/randphotography.dk\/#organization\"},\"potentialAction\":[{\"@type\":\"SearchAction\",\"target\":{\"@type\":\"EntryPoint\",\"urlTemplate\":\"https:\/\/randphotography.dk\/?s={search_term_string}\"},\"query-input\":\"required name=search_term_string\"}],\"inLanguage\":\"da-DK\"},{\"@type\":\"Organization\",\"@id\":\"https:\/\/randphotography.dk\/#organization\",\"name\":\"Rand-Photography\",\"url\":\"https:\/\/randphotography.dk\/\",\"logo\":{\"@type\":\"ImageObject\",\"inLanguage\":\"da-DK\",\"@id\":\"https:\/\/randphotography.dk\/#\/schema\/logo\/image\/\",\"url\":\"https:\/\/randphotography.dk\/wp-content\/uploads\/2024\/04\/watermark-GULD.png\",\"contentUrl\":\"https:\/\/randphotography.dk\/wp-content\/uploads\/2024\/04\/watermark-GULD.png\",\"width\":3821,\"height\":3863,\"caption\":\"Rand-Photography\"},\"image\":{\"@id\":\"https:\/\/randphotography.dk\/#\/schema\/logo\/image\/\"}}]}<\/script>\n<!-- \/ Yoast SEO plugin. -->","yoast_head_json":{"title":"Priser - RandPhotography","description":"Jeg tilbyder fotografering til overkommelige priser. P\u00e5 den m\u00e5de kan du blive tilfreds med b\u00e5de produktet og prisen.","robots":{"index":"index","follow":"follow","max-snippet":"max-snippet:-1","max-image-preview":"max-image-preview:large","max-video-preview":"max-video-preview:-1"},"canonical":"https:\/\/randphotography.dk\/index.php\/priser\/","og_locale":"da_DK","og_type":"article","og_title":"Priser - RandPhotography","og_description":"Jeg tilbyder fotografering til overkommelige priser. P\u00e5 den m\u00e5de kan du blive tilfreds med b\u00e5de produktet og prisen.","og_url":"https:\/\/randphotography.dk\/index.php\/priser\/","og_site_name":"RandPhotography","article_modified_time":"2025-11-29T23:11:27+00:00","og_image":[{"url":"https:\/\/randphotography.dk\/wp-content\/uploads\/elementor\/thumbs\/DSC07826-scaled-e1713963919236-qn6lnq9zxs7f16fwpway288m6twqh1nhfjbnw0p7ak.jpg"}],"twitter_card":"summary_large_image","twitter_misc":{"Estimeret l\u00e6setid":"3 minutter"},"schema":{"@context":"https:\/\/schema.org","@graph":[{"@type":"WebPage","@id":"https:\/\/randphotography.dk\/index.php\/priser\/","url":"https:\/\/randphotography.dk\/index.php\/priser\/","name":"Priser - RandPhotography","isPartOf":{"@id":"https:\/\/randphotography.dk\/#website"},"primaryImageOfPage":{"@id":"https:\/\/randphotography.dk\/index.php\/priser\/#primaryimage"},"image":{"@id":"https:\/\/randphotography.dk\/index.php\/priser\/#primaryimage"},"thumbnailUrl":"https:\/\/randphotography.dk\/wp-content\/uploads\/elementor\/thumbs\/DSC07826-scaled-e1713963919236-qn6lnq9zxs7f16fwpway288m6twqh1nhfjbnw0p7ak.jpg","datePublished":"2024-04-24T11:03:36+00:00","dateModified":"2025-11-29T23:11:27+00:00","description":"Jeg tilbyder fotografering til overkommelige priser. P\u00e5 den m\u00e5de kan du blive tilfreds med b\u00e5de produktet og prisen.","breadcrumb":{"@id":"https:\/\/randphotography.dk\/index.php\/priser\/#breadcrumb"},"inLanguage":"da-DK","potentialAction":[{"@type":"ReadAction","target":["https:\/\/randphotography.dk\/index.php\/priser\/"]}]},{"@type":"ImageObject","inLanguage":"da-DK","@id":"https:\/\/randphotography.dk\/index.php\/priser\/#primaryimage","url":"https:\/\/randphotography.dk\/wp-content\/uploads\/elementor\/thumbs\/DSC07826-scaled-e1713963919236-qn6lnq9zxs7f16fwpway288m6twqh1nhfjbnw0p7ak.jpg","contentUrl":"https:\/\/randphotography.dk\/wp-content\/uploads\/elementor\/thumbs\/DSC07826-scaled-e1713963919236-qn6lnq9zxs7f16fwpway288m6twqh1nhfjbnw0p7ak.jpg"},{"@type":"BreadcrumbList","@id":"https:\/\/randphotography.dk\/index.php\/priser\/#breadcrumb","itemListElement":[{"@type":"ListItem","position":1,"name":"Hjem","item":"https:\/\/randphotography.dk\/"},{"@type":"ListItem","position":2,"name":"Priser"}]},{"@type":"WebSite","@id":"https:\/\/randphotography.dk\/#website","url":"https:\/\/randphotography.dk\/","name":"Rand-Photography","description":"","publisher":{"@id":"https:\/\/randphotography.dk\/#organization"},"potentialAction":[{"@type":"SearchAction","target":{"@type":"EntryPoint","urlTemplate":"https:\/\/randphotography.dk\/?s={search_term_string}"},"query-input":"required name=search_term_string"}],"inLanguage":"da-DK"},{"@type":"Organization","@id":"https:\/\/randphotography.dk\/#organization","name":"Rand-Photography","url":"https:\/\/randphotography.dk\/","logo":{"@type":"ImageObject","inLanguage":"da-DK","@id":"https:\/\/randphotography.dk\/#\/schema\/logo\/image\/","url":"https:\/\/randphotography.dk\/wp-content\/uploads\/2024\/04\/watermark-GULD.png","contentUrl":"https:\/\/randphotography.dk\/wp-content\/uploads\/2024\/04\/watermark-GULD.png","width":3821,"height":3863,"caption":"Rand-Photography"},"image":{"@id":"https:\/\/randphotography.dk\/#\/schema\/logo\/image\/"}}]}},"_links":{"self":[{"href":"https:\/\/randphotography.dk\/index.php\/wp-json\/wp\/v2\/pages\/233","targetHints":{"allow":["GET"]}}],"collection":[{"href":"https:\/\/randphotography.dk\/index.php\/wp-json\/wp\/v2\/pages"}],"about":[{"href":"https:\/\/randphotography.dk\/index.php\/wp-json\/wp\/v2\/types\/page"}],"author":[{"embeddable":true,"href":"https:\/\/randphotography.dk\/index.php\/wp-json\/wp\/v2\/users\/1"}],"replies":[{"embeddable":true,"href":"https:\/\/randphotography.dk\/index.php\/wp-json\/wp\/v2\/comments?post=233"}],"version-history":[{"count":67,"href":"https:\/\/randphotography.dk\/index.php\/wp-json\/wp\/v2\/pages\/233\/revisions"}],"predecessor-version":[{"id":599,"href":"https:\/\/randphotography.dk\/index.php\/wp-json\/wp\/v2\/pages\/233\/revisions\/599"}],"wp:attachment":[{"href":"https:\/\/randphotography.dk\/index.php\/wp-json\/wp\/v2\/media?parent=233"}],"curies":[{"name":"wp","href":"https:\/\/api.w.org\/{rel}","templated":true}]}}